CRAN Package Check Results for Package zip

Last updated on 2024-07-23 04:57:54 CEST.

Flavor Version Tinstall Tcheck Ttotal Status Flags
r-devel-linux-x86_64-debian-clang 2.3.1 16.12 30.43 46.55 OK
r-devel-linux-x86_64-debian-gcc 2.3.1 13.57 23.15 36.72 OK
r-devel-linux-x86_64-fedora-clang 2.3.1 59.11 OK
r-devel-linux-x86_64-fedora-gcc 2.3.1 69.92 OK
r-devel-windows-x86_64 2.3.1 33.00 51.00 84.00 OK
r-patched-linux-x86_64 2.3.1 18.30 27.86 46.16 OK
r-release-linux-x86_64 2.3.1 17.76 28.56 46.32 OK
r-release-macos-arm64 2.3.1 22.00 OK
r-release-macos-x86_64 2.3.1 30.00 ERROR
r-release-windows-x86_64 2.3.1 36.00 49.00 85.00 OK
r-oldrel-macos-arm64 2.3.1 41.00 OK
r-oldrel-macos-x86_64 2.3.1 84.00 OK
r-oldrel-windows-x86_64 2.3.1 35.00 55.00 90.00 OK

Check Details

Version: 2.3.1
Check: tests
Result: ERROR Running ‘testthat.R’ [0s/0s] Running the tests in ‘tests/testthat.R’ failed. Last 13 lines of output: > library(testthat) > library(zip) Attaching package: 'zip' The following objects are masked from 'package:utils': unzip, zip > > test_check("zip") Error in loadNamespace(x) : there is no package called 'desc' Calls: test_check ... loadNamespace -> withRestarts -> withOneRestart -> doWithOneRestart Execution halted Flavor: r-release-macos-x86_64