CRAN Package Check Results for Package xtable

Last updated on 2024-06-15 05:49:31 CEST.

Flavor Version Tinstall Tcheck Ttotal Status Flags
r-devel-linux-x86_64-debian-clang 1.8-4 3.97 68.31 72.28 NOTE
r-devel-linux-x86_64-debian-gcc 1.8-4 1.92 52.37 54.29 NOTE
r-devel-linux-x86_64-fedora-clang 1.8-4 100.01 NOTE
r-devel-linux-x86_64-fedora-gcc 1.8-4 107.89 NOTE
r-devel-windows-x86_64 1.8-4 5.00 114.00 119.00 OK
r-patched-linux-x86_64 1.8-4 4.55 67.27 71.82 NOTE
r-release-linux-x86_64 1.8-4 2.83 66.06 68.89 NOTE
r-release-macos-arm64 1.8-4 50.00 OK
r-release-macos-x86_64 1.8-4 84.00 WARN
r-release-windows-x86_64 1.8-4 7.00 118.00 125.00 OK
r-oldrel-macos-arm64 1.8-4 57.00 OK
r-oldrel-macos-x86_64 1.8-4 61.00 OK
r-oldrel-windows-x86_64 1.8-4 5.00 113.00 118.00 OK

Check Details

Version: 1.8-4
Check: for non-standard things in the check directory
Result: NOTE Found the following files/directories: ‘xtable.html’ ‘xtable.tex’ Flavors: r-devel-linux-x86_64-debian-clang, r-devel-linux-x86_64-debian-gcc, r-devel-linux-x86_64-fedora-clang, r-devel-linux-x86_64-fedora-gcc, r-patched-linux-x86_64, r-release-linux-x86_64

Version: 1.8-4
Check: re-building of vignette outputs
Result: WARN Error(s) in re-building vignettes: --- re-building ‘OtherPackagesGallery.Rnw’ using knitr Error: processing vignette 'OtherPackagesGallery.Rnw' failed with diagnostics: Running 'texi2dvi' on 'OtherPackagesGallery.tex' failed. LaTeX errors: ! Undefined control sequence. l.93 \hlkwd{library}\hldef {(xtable)} ? ! Emergency stop. ! Emergency stop. l.93 End of file on the terminal! ! ==> Fatal error occurred, no output PDF file produced! --- failed re-building ‘OtherPackagesGallery.Rnw’ --- re-building ‘listOfTablesGallery.Rnw’ using knitr Error: processing vignette 'listOfTablesGallery.Rnw' failed with diagnostics: Running 'texi2dvi' on 'listOfTablesGallery.tex' failed. LaTeX errors: ! Undefined control sequence. l.93 \hlkwd{library}\hldef {(xtable)} ? ! Emergency stop. ! Emergency stop. l.93 End of file on the terminal! ! ==> Fatal error occurred, no output PDF file produced! --- failed re-building ‘listOfTablesGallery.Rnw’ --- re-building ‘margintable.Rnw’ using knitr Error: processing vignette 'margintable.Rnw' failed with diagnostics: Running 'texi2dvi' on 'margintable.tex' failed. LaTeX errors: ! Undefined control sequence. l.108 \hlkwd{library}\hldef {(xtable)} ? ! Emergency stop. ! Emergency stop. l.108 End of file on the terminal! ! ==> Fatal error occurred, no output PDF file produced! --- failed re-building ‘margintable.Rnw’ --- re-building ‘xtableGallery.Rnw’ using knitr Error: processing vignette 'xtableGallery.Rnw' failed with diagnostics: Running 'texi2dvi' on 'xtableGallery.tex' failed. LaTeX errors: ! Undefined control sequence. l.94 \hlkwd{library}\hldef {(xtable)} ? ! Emergency stop. ! Emergency stop. l.94 End of file on the terminal! ! ==> Fatal error occurred, no output PDF file produced! --- failed re-building ‘xtableGallery.Rnw’ SUMMARY: processing the following files failed: ‘OtherPackagesGallery.Rnw’ ‘listOfTablesGallery.Rnw’ ‘margintable.Rnw’ ‘xtableGallery.Rnw’ Error: Vignette re-building failed. Execution halted Flavor: r-release-macos-x86_64