CRAN Package Check Results for Package xplain

Last updated on 2024-06-19 17:54:43 CEST.

Flavor Version Tinstall Tcheck Ttotal Status Flags
r-devel-linux-x86_64-debian-clang 0.2.2 2.11 27.06 29.17 NOTE
r-devel-linux-x86_64-debian-gcc 0.2.2 2.27 20.92 23.19 NOTE
r-devel-linux-x86_64-fedora-clang 0.2.2 38.03 NOTE
r-devel-linux-x86_64-fedora-gcc 0.2.2 35.13 NOTE
r-devel-windows-x86_64 0.2.2 4.00 41.00 45.00 NOTE
r-patched-linux-x86_64 0.2.2 3.15 26.52 29.67 NOTE
r-release-linux-x86_64 0.2.2 2.11 26.16 28.27 NOTE
r-release-macos-arm64 0.2.2 17.00 NOTE
r-release-macos-x86_64 0.2.2 23.00 NOTE
r-release-windows-x86_64 0.2.2 5.00 43.00 48.00 NOTE
r-oldrel-macos-arm64 0.2.2 17.00 NOTE
r-oldrel-macos-x86_64 0.2.2 21.00 NOTE
r-oldrel-windows-x86_64 0.2.2 5.00 44.00 49.00 NOTE

Check Details

Version: 0.2.2
Check: LazyData
Result: NOTE 'LazyData' is specified without a 'data' directory Flavors: r-devel-linux-x86_64-debian-clang, r-devel-linux-x86_64-debian-gcc, r-devel-linux-x86_64-fedora-clang, r-devel-linux-x86_64-fedora-gcc, r-devel-windows-x86_64, r-patched-linux-x86_64, r-release-linux-x86_64, r-release-macos-arm64, r-release-macos-x86_64, r-release-windows-x86_64, r-oldrel-macos-arm64, r-oldrel-macos-x86_64, r-oldrel-windows-x86_64

Version: 0.2.2
Check: dependencies in R code
Result: NOTE Namespace in Imports field not imported from: ‘RCurl’ All declared Imports should be used. Flavors: r-devel-linux-x86_64-fedora-clang, r-devel-linux-x86_64-fedora-gcc