CRAN Package Check Results for Package wru

Last updated on 2025-01-19 04:49:11 CET.

Flavor Version Tinstall Tcheck Ttotal Status Flags
r-devel-linux-x86_64-debian-clang 3.0.3 46.86 68.48 115.34 OK
r-devel-linux-x86_64-debian-gcc 3.0.3 33.65 50.64 84.29 OK
r-devel-linux-x86_64-fedora-clang 3.0.3 199.55 NOTE
r-devel-linux-x86_64-fedora-gcc 3.0.3 185.85 NOTE
r-devel-windows-x86_64 3.0.3 52.00 107.00 159.00 OK
r-patched-linux-x86_64 3.0.3 44.92 62.88 107.80 OK
r-release-linux-x86_64 3.0.3 45.88 63.73 109.61 OK
r-release-macos-arm64 3.0.3 66.00 NOTE
r-release-macos-x86_64 3.0.3 89.00 NOTE
r-release-windows-x86_64 3.0.3 51.00 104.00 155.00 NOTE
r-oldrel-macos-arm64 3.0.3 73.00 NOTE
r-oldrel-macos-x86_64 3.0.3 130.00 NOTE
r-oldrel-windows-x86_64 3.0.3 58.00 122.00 180.00 NOTE

Check Details

Version: 3.0.3
Check: dependencies in R code
Result: NOTE Namespaces in Imports field not imported from: ‘future’ ‘tidyr’ All declared Imports should be used. Flavors: r-devel-linux-x86_64-fedora-clang, r-devel-linux-x86_64-fedora-gcc

Version: 3.0.3
Check: installed package size
Result: NOTE installed size is 7.1Mb sub-directories of 1Mb or more: data 3.7Mb help 1.9Mb libs 1.3Mb Flavors: r-release-macos-arm64, r-release-macos-x86_64, r-release-windows-x86_64, r-oldrel-macos-arm64, r-oldrel-macos-x86_64, r-oldrel-windows-x86_64