CRAN Package Check Results for Package wosr

Last updated on 2024-07-17 16:52:33 CEST.

Flavor Version Tinstall Tcheck Ttotal Status Flags
r-devel-linux-x86_64-debian-clang 0.3.0 4.21 35.96 40.17 NOTE
r-devel-linux-x86_64-debian-gcc 0.3.0 3.14 26.74 29.88 NOTE
r-devel-linux-x86_64-fedora-clang 0.3.0 50.00 NOTE
r-devel-linux-x86_64-fedora-gcc 0.3.0 47.00 NOTE
r-devel-windows-x86_64 0.3.0 5.00 50.00 55.00 NOTE
r-patched-linux-x86_64 0.3.0 4.20 34.17 38.37 NOTE
r-release-linux-x86_64 0.3.0 3.38 33.33 36.71 NOTE
r-release-macos-arm64 0.3.0 19.00 NOTE
r-release-macos-x86_64 0.3.0 26.00 NOTE
r-release-windows-x86_64 0.3.0 4.00 49.00 53.00 NOTE
r-oldrel-macos-arm64 0.3.0 17.00 NOTE
r-oldrel-macos-x86_64 0.3.0 24.00 NOTE
r-oldrel-windows-x86_64 0.3.0 5.00 54.00 59.00 NOTE

Check Details

Version: 0.3.0
Check: LazyData
Result: NOTE 'LazyData' is specified without a 'data' directory Flavors: r-devel-linux-x86_64-debian-clang, r-devel-linux-x86_64-debian-gcc, r-devel-linux-x86_64-fedora-clang, r-devel-linux-x86_64-fedora-gcc, r-devel-windows-x86_64, r-patched-linux-x86_64, r-release-linux-x86_64, r-release-macos-arm64, r-release-macos-x86_64, r-release-windows-x86_64, r-oldrel-macos-arm64, r-oldrel-macos-x86_64, r-oldrel-windows-x86_64