CRAN Package Check Results for Package whereport

Last updated on 2024-07-19 04:56:53 CEST.

Flavor Version Tinstall Tcheck Ttotal Status Flags
r-devel-linux-x86_64-debian-clang 0.1 1.44 25.29 26.73 OK
r-devel-linux-x86_64-debian-gcc 0.1 1.75 19.79 21.54 OK
r-devel-linux-x86_64-fedora-clang 0.1 35.32 NOTE
r-devel-linux-x86_64-fedora-gcc 0.1 32.90 NOTE
r-devel-windows-x86_64 0.1 5.00 42.00 47.00 OK
r-patched-linux-x86_64 0.1 1.77 24.37 26.14 OK
r-release-linux-x86_64 0.1 1.52 24.61 26.13 OK
r-release-macos-arm64 0.1 18.00 OK
r-release-macos-x86_64 0.1 25.00 OK
r-release-windows-x86_64 0.1 3.00 42.00 45.00 OK
r-oldrel-macos-arm64 0.1 18.00 OK
r-oldrel-macos-x86_64 0.1 21.00 OK
r-oldrel-windows-x86_64 0.1 4.00 42.00 46.00 OK

Check Details

Version: 0.1
Check: data for non-ASCII characters
Result: NOTE Note: found 4102 marked UTF-8 strings Flavors: r-devel-linux-x86_64-fedora-clang, r-devel-linux-x86_64-fedora-gcc