CRAN Package Check Results for Package walrus

Last updated on 2024-06-16 04:51:55 CEST.

Flavor Version Tinstall Tcheck Ttotal Status Flags
r-devel-linux-x86_64-debian-clang 1.0.5 17.36 37.78 55.14 OK
r-devel-linux-x86_64-debian-gcc 1.0.5 13.22 29.19 42.41 OK
r-devel-linux-x86_64-fedora-clang 1.0.5 75.22 NOTE
r-devel-linux-x86_64-fedora-gcc 1.0.5 70.46 NOTE
r-devel-windows-x86_64 1.0.5 16.00 50.00 66.00 OK
r-patched-linux-x86_64 1.0.5 16.57 37.21 53.78 OK
r-release-linux-x86_64 1.0.5 16.19 37.12 53.31 OK
r-release-macos-arm64 1.0.5 23.00 OK
r-release-macos-x86_64 1.0.5 36.00 OK
r-release-windows-x86_64 1.0.5 16.00 52.00 68.00 OK
r-oldrel-macos-arm64 1.0.5 27.00 OK
r-oldrel-macos-x86_64 1.0.5 38.00 OK
r-oldrel-windows-x86_64 1.0.5 21.00 55.00 76.00 OK

Check Details

Version: 1.0.5
Check: dependencies in R code
Result: NOTE Namespaces in Imports field not imported from: ‘R6’ ‘WRS2’ ‘ggplot2’ All declared Imports should be used. Flavors: r-devel-linux-x86_64-fedora-clang, r-devel-linux-x86_64-fedora-gcc