CRAN Package Check Results for Package waldo

Last updated on 2024-06-14 05:00:40 CEST.

Flavor Version Tinstall Tcheck Ttotal Status Flags
r-devel-linux-x86_64-debian-clang 0.5.2 4.54 55.67 60.21 OK
r-devel-linux-x86_64-debian-gcc 0.5.2 0.39 1.72 2.11 ERROR
r-devel-linux-x86_64-fedora-clang 0.5.2 74.59 OK
r-devel-linux-x86_64-fedora-gcc 0.5.2 69.60 OK
r-devel-windows-x86_64 0.5.2 5.00 58.00 63.00 OK
r-patched-linux-x86_64 0.5.2 5.31 52.67 57.98 OK
r-release-linux-x86_64 0.5.2 3.83 53.00 56.83 OK
r-release-macos-arm64 0.5.2 24.00 OK
r-release-macos-x86_64 0.5.2 39.00 OK
r-release-windows-x86_64 0.5.2 6.00 64.00 70.00 OK
r-oldrel-macos-arm64 0.5.2 29.00 OK
r-oldrel-macos-x86_64 0.5.2 51.00 OK
r-oldrel-windows-x86_64 0.5.2 6.00 65.00 71.00 OK

Check Details

Version: 0.5.2
Check: package dependencies
Result: ERROR Packages required but not available: 'rematch2', 'tibble' Package suggested but not available for checking: ‘testthat’ See section ‘The DESCRIPTION file’ in the ‘Writing R Extensions’ manual. Flavor: r-devel-linux-x86_64-debian-gcc