CRAN Package Check Results for Package visualFields

Last updated on 2024-07-18 04:50:30 CEST.

Flavor Version Tinstall Tcheck Ttotal Status Flags
r-devel-linux-x86_64-debian-clang 1.0.1 20.30 120.70 141.00 OK
r-devel-linux-x86_64-debian-gcc 1.0.1 18.61 88.35 106.96 OK
r-devel-linux-x86_64-fedora-clang 1.0.1 196.26 NOTE
r-devel-linux-x86_64-fedora-gcc 1.0.1 172.22 OK
r-devel-windows-x86_64 1.0.1 24.00 105.00 129.00 NOTE
r-patched-linux-x86_64 1.0.1 23.27 115.71 138.98 OK
r-release-linux-x86_64 1.0.1 17.61 116.88 134.49 OK
r-release-macos-arm64 1.0.1 54.00 NOTE
r-release-macos-x86_64 1.0.1 77.00 NOTE
r-release-windows-x86_64 1.0.1 24.00 107.00 131.00 NOTE
r-oldrel-macos-arm64 1.0.1 59.00 NOTE
r-oldrel-macos-x86_64 1.0.1 86.00 NOTE
r-oldrel-windows-x86_64 1.0.1 31.00 127.00 158.00 NOTE

Check Details

Version: 1.0.1
Check: installed package size
Result: NOTE installed size is 6.0Mb sub-directories of 1Mb or more: data 5.7Mb Flavors: r-devel-linux-x86_64-fedora-clang, r-devel-windows-x86_64, r-release-macos-arm64, r-release-macos-x86_64, r-release-windows-x86_64, r-oldrel-macos-arm64, r-oldrel-macos-x86_64, r-oldrel-windows-x86_64

Version: 1.0.1
Check: Rd cross-references
Result: NOTE Found the following Rd file(s) with Rd \link{} targets missing package anchors: nv.Rd: wtd.quantile vfplots.Rd: polyclip Please provide package anchors for all Rd \link{} targets not in the package itself and the base packages. Flavor: r-devel-windows-x86_64