CRAN Package Check Results for Package viridisLite

Last updated on 2024-07-20 16:49:19 CEST.

Flavor Version Tinstall Tcheck Ttotal Status Flags
r-devel-linux-x86_64-debian-clang 0.4.2 1.29 26.74 28.03 NOTE
r-devel-linux-x86_64-debian-gcc 0.4.2 1.14 20.36 21.50 NOTE
r-devel-linux-x86_64-fedora-clang 0.4.2 36.09 NOTE
r-devel-linux-x86_64-fedora-gcc 0.4.2 33.98 NOTE
r-devel-windows-x86_64 0.4.2 4.00 42.00 46.00 NOTE
r-patched-linux-x86_64 0.4.2 1.37 24.43 25.80 NOTE
r-release-linux-x86_64 0.4.2 1.91 25.29 27.20 NOTE
r-release-macos-arm64 0.4.2 16.00 ERROR
r-release-macos-x86_64 0.4.2 25.00 NOTE
r-release-windows-x86_64 0.4.2 3.00 43.00 46.00 NOTE
r-oldrel-macos-arm64 0.4.2 26.00 OK
r-oldrel-macos-x86_64 0.4.2 45.00 OK
r-oldrel-windows-x86_64 0.4.2 3.00 44.00 47.00 OK

Check Details

Version: 0.4.2
Check: Rd files
Result: NOTE checkRd: (-1) viridis.Rd:50: Lost braces in \itemize; meant \describe ? checkRd: (-1) viridis.Rd:51: Lost braces in \itemize; meant \describe ? checkRd: (-1) viridis.Rd:52: Lost braces in \itemize; meant \describe ? checkRd: (-1) viridis.Rd:53: Lost braces in \itemize; meant \describe ? checkRd: (-1) viridis.Rd:54: Lost braces in \itemize; meant \describe ? checkRd: (-1) viridis.Rd:55: Lost braces in \itemize; meant \describe ? checkRd: (-1) viridis.Rd:56: Lost braces in \itemize; meant \describe ? checkRd: (-1) viridis.Rd:57: Lost braces in \itemize; meant \describe ? checkRd: (-1) viridis.map.Rd:24-30: Lost braces in \itemize; meant \describe ? checkRd: (-1) viridis.map.Rd:31-34: Lost braces in \itemize; meant \describe ? checkRd: (-1) viridis.map.Rd:35: Lost braces in \itemize; meant \describe ? checkRd: (-1) viridis.map.Rd:36-37: Lost braces in \itemize; meant \describe ? checkRd: (-1) viridis.map.Rd:10: Lost braces in \itemize; meant \describe ? checkRd: (-1) viridis.map.Rd:11: Lost braces in \itemize; meant \describe ? checkRd: (-1) viridis.map.Rd:12: Lost braces in \itemize; meant \describe ? checkRd: (-1) viridis.map.Rd:13-14: Lost braces in \itemize; meant \describe ? checkRd: (-1) viridis.map.Rd:42: Lost braces in \itemize; meant \describe ? checkRd: (-1) viridis.map.Rd:43: Lost braces in \itemize; meant \describe ? checkRd: (-1) viridis.map.Rd:44: Lost braces in \itemize; meant \describe ? checkRd: (-1) viridis.map.Rd:45: Lost braces in \itemize; meant \describe ? Flavors: r-devel-linux-x86_64-debian-clang, r-devel-linux-x86_64-debian-gcc, r-devel-linux-x86_64-fedora-clang, r-devel-linux-x86_64-fedora-gcc, r-devel-windows-x86_64, r-patched-linux-x86_64, r-release-linux-x86_64, r-release-macos-arm64, r-release-macos-x86_64, r-release-windows-x86_64

Version: 0.4.2
Check: examples
Result: ERROR Running examples in ‘viridisLite-Ex.R’ failed The error most likely occurred in: > ### Name: viridis > ### Title: Viridis Color Palettes > ### Aliases: viridis viridisMap magma inferno plasma cividis rocket mako > ### turbo > > ### ** Examples > > library(ggplot2) > library(hexbin) > > dat <- data.frame(x = rnorm(10000), y = rnorm(10000)) > > ggplot(dat, aes(x = x, y = y)) + + geom_hex() + coord_fixed() + + scale_fill_gradientn(colours = viridis(256, option = "D")) Error in loadNamespace(x) : there is no package called ‘farver’ Calls: scale_fill_gradientn ... loadNamespace -> withRestarts -> withOneRestart -> doWithOneRestart Execution halted Flavor: r-release-macos-arm64