CRAN Package Check Results for Package vglmer

Last updated on 2025-01-21 16:50:27 CET.

Flavor Version Tinstall Tcheck Ttotal Status Flags
r-devel-linux-x86_64-debian-clang 1.0.6 65.48 181.02 246.50 OK
r-devel-linux-x86_64-debian-gcc 1.0.6 46.75 134.95 181.70 OK
r-devel-linux-x86_64-fedora-clang 1.0.6 397.16 OK
r-devel-linux-x86_64-fedora-gcc 1.0.6 404.78 OK
r-devel-windows-x86_64 1.0.6 64.00 185.00 249.00 OK
r-patched-linux-x86_64 1.0.6 64.48 174.80 239.28 OK
r-release-linux-x86_64 1.0.6 64.97 175.22 240.19 OK
r-release-macos-arm64 1.0.6 108.00 NOTE
r-release-macos-x86_64 1.0.6 204.00 NOTE
r-release-windows-x86_64 1.0.6 66.00 189.00 255.00 OK
r-oldrel-macos-arm64 1.0.6 112.00 NOTE
r-oldrel-macos-x86_64 1.0.6 198.00 NOTE
r-oldrel-windows-x86_64 1.0.6 75.00 249.00 324.00 OK

Check Details

Version: 1.0.6
Check: installed package size
Result: NOTE installed size is 7.2Mb sub-directories of 1Mb or more: libs 6.7Mb Flavors: r-release-macos-arm64, r-release-macos-x86_64, r-oldrel-macos-arm64, r-oldrel-macos-x86_64