CRAN Package Check Results for Package usedist

Last updated on 2024-07-12 16:53:56 CEST.

Flavor Version Tinstall Tcheck Ttotal Status Flags
r-devel-linux-x86_64-debian-clang 0.4.0 1.85 27.51 29.36 NOTE
r-devel-linux-x86_64-debian-gcc 0.4.0 1.71 20.93 22.64 NOTE
r-devel-linux-x86_64-fedora-clang 0.4.0 37.37 NOTE
r-devel-linux-x86_64-fedora-gcc 0.4.0 34.09 NOTE
r-devel-windows-x86_64 0.4.0 3.00 50.00 53.00 NOTE
r-patched-linux-x86_64 0.4.0 1.70 25.98 27.68 NOTE
r-release-linux-x86_64 0.4.0 2.22 25.54 27.76 NOTE
r-release-macos-arm64 0.4.0 15.00 NOTE
r-release-macos-x86_64 0.4.0 23.00 NOTE
r-release-windows-x86_64 0.4.0 3.00 43.00 46.00 NOTE
r-oldrel-macos-arm64 0.4.0 17.00 NOTE
r-oldrel-macos-x86_64 0.4.0 23.00 NOTE
r-oldrel-windows-x86_64 0.4.0 4.00 45.00 49.00 NOTE

Check Details

Version: 0.4.0
Check: LazyData
Result: NOTE 'LazyData' is specified without a 'data' directory Flavors: r-devel-linux-x86_64-debian-clang, r-devel-linux-x86_64-debian-gcc, r-devel-linux-x86_64-fedora-clang, r-devel-linux-x86_64-fedora-gcc, r-devel-windows-x86_64, r-patched-linux-x86_64, r-release-linux-x86_64, r-release-macos-arm64, r-release-macos-x86_64, r-release-windows-x86_64, r-oldrel-macos-arm64, r-oldrel-macos-x86_64, r-oldrel-windows-x86_64