CRAN Package Check Results for Package topicmodels.etm

Last updated on 2024-07-16 16:53:03 CEST.

Flavor Version Tinstall Tcheck Ttotal Status Flags
r-devel-linux-x86_64-debian-clang 0.1.0 8.52 104.60 113.12 NOTE
r-devel-linux-x86_64-debian-gcc 0.1.0 9.73 78.99 88.72 NOTE
r-devel-linux-x86_64-fedora-clang 0.1.0 144.10 NOTE
r-devel-linux-x86_64-fedora-gcc 0.1.0 136.55 NOTE
r-devel-windows-x86_64 0.1.0 11.00 90.00 101.00 NOTE
r-patched-linux-x86_64 0.1.0 12.36 97.59 109.95 NOTE
r-release-linux-x86_64 0.1.0 10.24 99.30 109.54 NOTE
r-release-macos-arm64 0.1.0 47.00 NOTE
r-release-macos-x86_64 0.1.0 65.00 NOTE
r-release-windows-x86_64 0.1.0 11.00 90.00 101.00 NOTE
r-oldrel-macos-arm64 0.1.0 41.00 OK
r-oldrel-macos-x86_64 0.1.0 71.00 OK
r-oldrel-windows-x86_64 0.1.0 15.00 110.00 125.00 OK

Check Details

Version: 0.1.0
Check: Rd files
Result: NOTE checkRd: (-1) ETM.Rd:33: Lost braces in \itemize; \value handles \item{}{} directly checkRd: (-1) ETM.Rd:34: Lost braces in \itemize; \value handles \item{}{} directly checkRd: (-1) ETM.Rd:35: Lost braces in \itemize; \value handles \item{}{} directly checkRd: (-1) ETM.Rd:36: Lost braces in \itemize; \value handles \item{}{} directly checkRd: (-1) ETM.Rd:37: Lost braces in \itemize; \value handles \item{}{} directly Flavors: r-devel-linux-x86_64-debian-clang, r-devel-linux-x86_64-debian-gcc, r-devel-linux-x86_64-fedora-clang, r-devel-linux-x86_64-fedora-gcc, r-devel-windows-x86_64, r-patched-linux-x86_64, r-release-linux-x86_64, r-release-macos-arm64, r-release-macos-x86_64, r-release-windows-x86_64