CRAN Package Check Results for Package tmvnsim

Last updated on 2024-06-14 05:00:38 CEST.

Flavor Version Tinstall Tcheck Ttotal Status Flags
r-devel-linux-x86_64-debian-clang 1.0-2 3.29 19.92 23.21 OK
r-devel-linux-x86_64-debian-gcc 1.0-2 2.26 15.85 18.11 OK
r-devel-linux-x86_64-fedora-clang 1.0-2 29.82 NOTE
r-devel-linux-x86_64-fedora-gcc 1.0-2 27.77 NOTE
r-devel-windows-x86_64 1.0-2 6.00 42.00 48.00 OK
r-patched-linux-x86_64 1.0-2 3.01 19.61 22.62 OK
r-release-linux-x86_64 1.0-2 2.96 19.59 22.55 OK
r-release-macos-arm64 1.0-2 18.00 OK
r-release-macos-x86_64 1.0-2 21.00 OK
r-release-windows-x86_64 1.0-2 5.00 43.00 48.00 OK
r-oldrel-macos-arm64 1.0-2 17.00 OK
r-oldrel-macos-x86_64 1.0-2 22.00 OK
r-oldrel-windows-x86_64 1.0-2 6.00 43.00 49.00 OK

Check Details

Version: 1.0-2
Check: compiled code
Result: NOTE File ‘tmvnsim/libs/tmvnsim.so’: Found no calls to: ‘R_registerRoutines’, ‘R_useDynamicSymbols’ It is good practice to register native routines and to disable symbol search. See ‘Writing portable packages’ in the ‘Writing R Extensions’ manual. Flavors: r-devel-linux-x86_64-fedora-clang, r-devel-linux-x86_64-fedora-gcc