CRAN Package Check Results for Package tm.plugin.europresse

Last updated on 2024-07-18 16:49:19 CEST.

Flavor Version Tinstall Tcheck Ttotal Status Flags
r-devel-linux-x86_64-debian-clang 1.4 4.62 42.88 47.50 OK
r-devel-linux-x86_64-debian-gcc 1.4 3.59 32.65 36.24 OK
r-devel-linux-x86_64-fedora-clang 1.4 63.82 OK
r-devel-linux-x86_64-fedora-gcc 1.4 57.86 OK
r-devel-windows-x86_64 1.4 5.00 57.00 62.00 NOTE
r-patched-linux-x86_64 1.4 7.15 40.35 47.50 OK
r-release-linux-x86_64 1.4 4.84 41.20 46.04 OK
r-release-macos-arm64 1.4 23.00 OK
r-release-macos-x86_64 1.4 33.00 OK
r-release-windows-x86_64 1.4 5.00 58.00 63.00 OK
r-oldrel-macos-arm64 1.4 21.00 OK
r-oldrel-macos-x86_64 1.4 33.00 OK
r-oldrel-windows-x86_64 1.4 6.00 57.00 63.00 OK

Check Details

Version: 1.4
Check: Rd cross-references
Result: NOTE Found the following Rd file(s) with Rd \link{} targets missing package anchors: EuropresseSource.Rd: getSources readEuropresse.Rd: getReaders Please provide package anchors for all Rd \link{} targets not in the package itself and the base packages. Flavor: r-devel-windows-x86_64