CRAN Package Check Results for Package tidytransit

Last updated on 2024-07-22 04:48:52 CEST.

Flavor Version Tinstall Tcheck Ttotal Status Flags
r-devel-linux-x86_64-debian-clang 1.6.1 10.28 176.39 186.67 OK
r-devel-linux-x86_64-debian-gcc 1.6.1 8.47 136.68 145.15 OK
r-devel-linux-x86_64-fedora-clang 1.6.1 246.74 NOTE
r-devel-linux-x86_64-fedora-gcc 1.6.1 236.47 OK
r-devel-windows-x86_64 1.6.1 13.00 152.00 165.00 NOTE
r-patched-linux-x86_64 1.6.1 8.36 175.69 184.05 OK
r-release-linux-x86_64 1.6.1 10.67 176.24 186.91 OK
r-release-macos-arm64 1.6.1 73.00 NOTE
r-release-macos-x86_64 1.6.1 112.00 NOTE
r-release-windows-x86_64 1.6.1 13.00 151.00 164.00 NOTE
r-oldrel-macos-arm64 1.6.1 91.00 NOTE
r-oldrel-macos-x86_64 1.6.1 156.00 NOTE
r-oldrel-windows-x86_64 1.6.1 15.00 182.00 197.00 NOTE

Check Details

Version: 1.6.1
Check: installed package size
Result: NOTE installed size is 6.9Mb sub-directories of 1Mb or more: doc 2.0Mb extdata 4.5Mb Flavors: r-devel-linux-x86_64-fedora-clang, r-devel-windows-x86_64, r-release-macos-arm64, r-release-macos-x86_64, r-release-windows-x86_64, r-oldrel-macos-arm64, r-oldrel-macos-x86_64, r-oldrel-windows-x86_64