CRAN Package Check Results for Package tidytext

Last updated on 2024-07-19 04:56:52 CEST.

Flavor Version Tinstall Tcheck Ttotal Status Flags
r-devel-linux-x86_64-debian-clang 0.4.2 10.33 202.81 213.14 OK
r-devel-linux-x86_64-debian-gcc 0.4.2 10.04 149.46 159.50 OK
r-devel-linux-x86_64-fedora-clang 0.4.2 272.47 OK
r-devel-linux-x86_64-fedora-gcc 0.4.2 263.79 OK
r-devel-windows-x86_64 0.4.2 13.00 165.00 178.00 NOTE
r-patched-linux-x86_64 0.4.2 14.07 192.21 206.28 OK
r-release-linux-x86_64 0.4.2 12.86 194.81 207.67 OK
r-release-macos-arm64 0.4.2 84.00 OK
r-release-macos-x86_64 0.4.2 138.00 OK
r-release-windows-x86_64 0.4.2 12.00 166.00 178.00 OK
r-oldrel-macos-arm64 0.4.2 89.00 OK
r-oldrel-macos-x86_64 0.4.2 184.00 OK
r-oldrel-windows-x86_64 0.4.2 18.00 194.00 212.00 OK

Check Details

Version: 0.4.2
Check: Rd cross-references
Result: NOTE Found the following Rd file(s) with Rd \link{} targets missing package anchors: cast_sparse.Rd: sparseMatrix document_term_casters.Rd: sparseMatrix Please provide package anchors for all Rd \link{} targets not in the package itself and the base packages. Flavor: r-devel-windows-x86_64