CRAN Package Check Results for Package tci

Last updated on 2024-06-15 05:49:29 CEST.

Flavor Version Tinstall Tcheck Ttotal Status Flags
r-devel-linux-x86_64-debian-clang 0.2.0 49.20 197.06 246.26 NOTE
r-devel-linux-x86_64-debian-gcc 0.2.0 35.49 330.01 365.50 NOTE
r-devel-linux-x86_64-fedora-clang 0.2.0 337.45 NOTE
r-devel-linux-x86_64-fedora-gcc 0.2.0 382.52 NOTE
r-devel-windows-x86_64 0.2.0 39.00 194.00 233.00 NOTE
r-patched-linux-x86_64 0.2.0 42.92 318.85 361.77 NOTE
r-release-linux-x86_64 0.2.0 42.65 299.93 342.58 NOTE
r-release-macos-arm64 0.2.0 80.00 NOTE
r-release-macos-x86_64 0.2.0 122.00 NOTE
r-release-windows-x86_64 0.2.0 42.00 194.00 236.00 NOTE
r-oldrel-macos-arm64 0.2.0 90.00 NOTE
r-oldrel-macos-x86_64 0.2.0 139.00 NOTE
r-oldrel-windows-x86_64 0.2.0 48.00 237.00 285.00 NOTE

Check Details

Version: 0.2.0
Check: C++ specification
Result: NOTE Specified C++11: please drop specification unless essential Flavors: r-devel-linux-x86_64-debian-clang, r-devel-linux-x86_64-debian-gcc, r-devel-linux-x86_64-fedora-clang, r-devel-linux-x86_64-fedora-gcc, r-devel-windows-x86_64, r-patched-linux-x86_64, r-release-linux-x86_64, r-release-macos-arm64, r-release-macos-x86_64, r-release-windows-x86_64, r-oldrel-macos-arm64, r-oldrel-macos-x86_64, r-oldrel-windows-x86_64

Version: 0.2.0
Check: dependencies in R code
Result: NOTE Namespaces in Imports field not imported from: ‘gridExtra’ ‘reshape2’ ‘truncnorm’ ‘xtable’ All declared Imports should be used. Flavors: r-devel-linux-x86_64-fedora-clang, r-devel-linux-x86_64-fedora-gcc