CRAN Package Check Results for Package taxa

Last updated on 2024-07-15 04:48:48 CEST.

Flavor Version Tinstall Tcheck Ttotal Status Flags
r-devel-linux-x86_64-debian-clang 0.4.3 10.97 87.77 98.74 OK
r-devel-linux-x86_64-debian-gcc 0.4.3 7.24 62.86 70.10 OK
r-devel-linux-x86_64-fedora-clang 0.4.3 120.43 OK
r-devel-linux-x86_64-fedora-gcc 0.4.3 109.63 OK
r-devel-windows-x86_64 0.4.3 11.00 93.00 104.00 NOTE
r-patched-linux-x86_64 0.4.3 13.66 83.01 96.67 OK
r-release-linux-x86_64 0.4.3 7.87 81.44 89.31 OK
r-release-macos-arm64 0.4.3 33.00 OK
r-release-macos-x86_64 0.4.3 51.00 OK
r-release-windows-x86_64 0.4.3 10.00 94.00 104.00 OK
r-oldrel-macos-arm64 0.4.3 42.00 OK
r-oldrel-macos-x86_64 0.4.3 73.00 OK
r-oldrel-windows-x86_64 0.4.3 11.00 112.00 123.00 OK

Check Details

Version: 0.4.3
Check: Rd cross-references
Result: NOTE Found the following Rd file(s) with Rd \link{} targets missing package anchors: as_data_frame.Rd: as_tibble Please provide package anchors for all Rd \link{} targets not in the package itself and the base packages. Flavor: r-devel-windows-x86_64