CRAN Package Check Results for Package tapnet

Last updated on 2024-07-16 16:53:03 CEST.

Flavor Version Tinstall Tcheck Ttotal Status Flags
r-devel-linux-x86_64-debian-clang 0.3 15.03 135.92 150.95 NOTE
r-devel-linux-x86_64-debian-gcc 0.3 13.62 97.92 111.54 NOTE
r-devel-linux-x86_64-fedora-clang 0.3 190.38 NOTE
r-devel-linux-x86_64-fedora-gcc 0.3 185.66 NOTE
r-devel-windows-x86_64 0.3 14.00 117.00 131.00 NOTE
r-patched-linux-x86_64 0.3 10.38 128.33 138.71 NOTE
r-release-linux-x86_64 0.3 12.76 128.77 141.53 NOTE
r-release-macos-arm64 0.3 55.00 NOTE
r-release-macos-x86_64 0.3 87.00 NOTE
r-release-windows-x86_64 0.3 15.00 119.00 134.00 NOTE
r-oldrel-macos-arm64 0.3 62.00 NOTE
r-oldrel-macos-x86_64 0.3 107.00 NOTE
r-oldrel-windows-x86_64 0.3 16.00 140.00 156.00 NOTE

Check Details

Version: 0.3
Check: Rd files
Result: NOTE checkRd: (-1) tapnet-package.Rd:40: Escaped LaTeX specials: \& Flavors: r-devel-linux-x86_64-debian-clang, r-devel-linux-x86_64-debian-gcc, r-devel-linux-x86_64-fedora-clang, r-devel-linux-x86_64-fedora-gcc, r-devel-windows-x86_64, r-patched-linux-x86_64, r-release-linux-x86_64, r-release-macos-arm64, r-release-macos-x86_64, r-release-windows-x86_64, r-oldrel-macos-arm64, r-oldrel-macos-x86_64, r-oldrel-windows-x86_64