CRAN Package Check Results for Package survstan

Last updated on 2024-06-14 05:00:37 CEST.

Flavor Version Tinstall Tcheck Ttotal Status Flags
r-devel-linux-x86_64-debian-clang 0.0.7.1 241.15 276.73 517.88 NOTE
r-devel-linux-x86_64-debian-gcc 0.0.7.1 0.49 1.76 2.25 ERROR
r-devel-linux-x86_64-fedora-clang 0.0.7.1 611.79 NOTE
r-devel-linux-x86_64-fedora-gcc 0.0.7.1 723.41 NOTE
r-devel-windows-x86_64 0.0.7.1 172.00 237.00 409.00 NOTE
r-patched-linux-x86_64 0.0.7.1 173.93 270.86 444.79 NOTE
r-release-linux-x86_64 0.0.7.1 176.40 280.70 457.10 NOTE
r-release-macos-arm64 0.0.7.1 153.00 NOTE
r-release-macos-x86_64 0.0.7.1 229.00 NOTE
r-release-windows-x86_64 0.0.7.1 161.00 250.00 411.00 NOTE
r-oldrel-macos-arm64 0.0.7.1 173.00 NOTE
r-oldrel-macos-x86_64 0.0.7.1 364.00 NOTE
r-oldrel-windows-x86_64 0.0.7.1 230.00 285.00 515.00 NOTE

Check Details

Version: 0.0.7.1
Check: for GNU extensions in Makefiles
Result: NOTE GNU make is a SystemRequirements. Flavors: r-devel-linux-x86_64-debian-clang, r-devel-linux-x86_64-fedora-clang, r-devel-linux-x86_64-fedora-gcc, r-devel-windows-x86_64, r-patched-linux-x86_64, r-release-linux-x86_64, r-release-macos-arm64, r-release-macos-x86_64, r-release-windows-x86_64, r-oldrel-macos-arm64, r-oldrel-macos-x86_64, r-oldrel-windows-x86_64

Version: 0.0.7.1
Check: package dependencies
Result: ERROR Packages required but not available: 'broom', 'dplyr', 'ggplot2', 'purrr', 'rstan', 'tibble', 'tidyr' Packages suggested but not available for checking: 'GGally', 'testthat' See section ‘The DESCRIPTION file’ in the ‘Writing R Extensions’ manual. Flavor: r-devel-linux-x86_64-debian-gcc

Version: 0.0.7.1
Check: dependencies in R code
Result: NOTE Namespaces in Imports field not imported from: ‘RcppParallel’ ‘rstantools’ All declared Imports should be used. Flavors: r-devel-linux-x86_64-fedora-clang, r-devel-linux-x86_64-fedora-gcc

Version: 0.0.7.1
Check: installed package size
Result: NOTE installed size is 63.6Mb sub-directories of 1Mb or more: libs 63.0Mb Flavors: r-release-macos-arm64, r-release-macos-x86_64, r-oldrel-macos-arm64, r-oldrel-macos-x86_64