CRAN Package Check Results for Package sure

Last updated on 2024-06-13 16:49:28 CEST.

Flavor Version Tinstall Tcheck Ttotal Status Flags
r-devel-linux-x86_64-debian-clang 0.2.0 4.07 54.93 59.00 NOTE
r-devel-linux-x86_64-debian-gcc 0.2.0 0.42 1.56 1.98 ERROR
r-devel-linux-x86_64-fedora-clang 0.2.0 73.56 NOTE
r-devel-linux-x86_64-fedora-gcc 0.2.0 72.45 NOTE
r-devel-windows-x86_64 0.2.0 6.00 61.00 67.00 NOTE
r-patched-linux-x86_64 0.2.0 6.17 51.68 57.85 NOTE
r-release-linux-x86_64 0.2.0 4.57 52.73 57.30 NOTE
r-release-macos-arm64 0.2.0 24.00 NOTE
r-release-macos-x86_64 0.2.0 39.00 NOTE
r-release-windows-x86_64 0.2.0 7.00 63.00 70.00 NOTE
r-oldrel-macos-arm64 0.2.0 25.00 OK
r-oldrel-macos-x86_64 0.2.0 38.00 OK
r-oldrel-windows-x86_64 0.2.0 8.00 68.00 76.00 OK

Check Details

Version: 0.2.0
Check: Rd files
Result: NOTE checkRd: (-1) getFittedProbs.Rd:6-8: Lost braces 6 | getFittedValues <- function(object) { | ^ checkRd: (-1) getFittedProbs.Rd:14-16: Lost braces 14 | getFittedValues <- function(object) { | ^ Flavors: r-devel-linux-x86_64-debian-clang, r-devel-linux-x86_64-fedora-clang, r-devel-linux-x86_64-fedora-gcc, r-devel-windows-x86_64, r-patched-linux-x86_64, r-release-linux-x86_64, r-release-macos-arm64, r-release-macos-x86_64, r-release-windows-x86_64

Version: 0.2.0
Check: package dependencies
Result: ERROR Package required but not available: ‘ggplot2’ Packages suggested but not available for checking: 'rms', 'testthat' See section ‘The DESCRIPTION file’ in the ‘Writing R Extensions’ manual. Flavor: r-devel-linux-x86_64-debian-gcc

Version: 0.2.0
Check: Rd cross-references
Result: NOTE Undeclared package ‘truncdist’ in Rd xrefs Flavor: r-devel-linux-x86_64-fedora-clang