CRAN Package Check Results for Package supernova

Last updated on 2024-06-24 05:48:28 CEST.

Flavor Version Tinstall Tcheck Ttotal Status Flags
r-devel-linux-x86_64-debian-clang 3.0.0 6.36 103.00 109.36 OK
r-devel-linux-x86_64-debian-gcc 3.0.0 4.93 74.58 79.51 OK
r-devel-linux-x86_64-fedora-clang 3.0.0 148.26 OK
r-devel-linux-x86_64-fedora-gcc 3.0.0 151.50 NOTE
r-devel-windows-x86_64 3.0.0 7.00 212.00 219.00 OK
r-patched-linux-x86_64 3.0.0 7.34 98.75 106.09 OK
r-release-linux-x86_64 3.0.0 6.31 97.84 104.15 OK
r-release-macos-arm64 3.0.0 46.00 OK
r-release-macos-x86_64 3.0.0 68.00 OK
r-release-windows-x86_64 3.0.0 7.00 208.00 215.00 OK
r-oldrel-macos-arm64 3.0.0 55.00 OK
r-oldrel-macos-x86_64 3.0.0 89.00 OK
r-oldrel-windows-x86_64 3.0.0 9.00 178.00 187.00 ERROR

Check Details

Version: 3.0.0
Check: for non-standard things in the check directory
Result: NOTE Found the following files/directories: ‘JMRData’ Flavor: r-devel-linux-x86_64-fedora-gcc

Version: 3.0.0
Check: tests
Result: ERROR Running 'testthat.R' [97s] Running the tests in 'tests/testthat.R' failed. Complete output: > library(testthat) > library(supernova) > > test_check("supernova") Error in `FUN()`: ! In path: "D:\\RCompile\\CRANpkg\\local\\4.3\\supernova.Rcheck\\tests\\testthat\\setup.R" Caused by error: ! Failed to install 'unknown package' from GitHub: HTTP error 403. API rate limit exceeded for 129.217.207.166. (But here's the good news: Authenticated requests get a higher rate limit. Check out the documentation for more details.) Rate limit remaining: 0/60 Rate limit reset at: 2024-06-23 05:41:40 UTC To increase your GitHub API rate limit - Use `usethis::create_github_token()` to create a Personal Access Token. - Use `gitcreds::gitcreds_set()` to add the token. Backtrace: ▆ 1. ├─testthat::test_check("supernova") 2. │ └─testthat::test_dir(...) 3. │ └─testthat:::test_files(...) 4. │ └─testthat:::test_files_serial(...) 5. │ └─testthat:::test_files_setup_state(...) 6. │ └─testthat::source_test_setup(".", env) 7. │ └─testthat::source_dir(path, "^setup.*\\.[rR]$", env = env, wrap = FALSE) 8. │ └─base::lapply(...) 9. │ └─testthat (local) FUN(X[[i]], ...) 10. │ └─testthat::source_file(path, env = env, chdir = chdir, wrap = wrap) 11. │ ├─base::withCallingHandlers(...) 12. │ └─base::eval(exprs, env) 13. │ └─base::eval(exprs, env) 14. │ └─remotes::install_github("UCLATALL/JMRData") at D:\RCompile\CRANpkg\local\4.3\supernova.Rcheck\tests\testthat\setup.R:9:3 15. │ └─remotes:::install_remotes(...) 16. │ └─base::tryCatch(...) 17. │ └─base (local) tryCatchList(expr, classes, parentenv, handlers) 18. │ └─base (local) tryCatchOne(expr, names, parentenv, handlers[[1L]]) 19. │ └─value[[3L]](cond) 20. │ └─base::stop(remote_install_error(remotes[[i]], e)) 21. └─testthat (local) `<fn>`(`<instll_r>`) 22. └─rlang::abort(...) Execution halted Flavor: r-oldrel-windows-x86_64