CRAN Package Check Results for Package sticky

Last updated on 2024-06-13 16:49:27 CEST.

Flavor Version Tinstall Tcheck Ttotal Status Flags
r-devel-linux-x86_64-debian-clang 0.5.6.1 2.30 31.42 33.72 NOTE
r-devel-linux-x86_64-debian-gcc 0.5.6.1 1.71 22.68 24.39 ERROR
r-devel-linux-x86_64-fedora-clang 0.5.6.1 44.66 NOTE
r-devel-linux-x86_64-fedora-gcc 0.5.6.1 54.59 NOTE
r-devel-windows-x86_64 0.5.6.1 3.00 48.00 51.00 NOTE
r-patched-linux-x86_64 0.5.6.1 2.17 30.96 33.13 NOTE
r-release-linux-x86_64 0.5.6.1 1.68 29.95 31.63 NOTE
r-release-macos-arm64 0.5.6.1 23.00 NOTE
r-release-macos-x86_64 0.5.6.1 53.00 NOTE
r-release-windows-x86_64 0.5.6.1 3.00 48.00 51.00 NOTE
r-oldrel-macos-arm64 0.5.6.1 23.00 NOTE
r-oldrel-macos-x86_64 0.5.6.1 34.00 NOTE
r-oldrel-windows-x86_64 0.5.6.1 4.00 50.00 54.00 NOTE

Check Details

Version: 0.5.6.1
Check: LazyData
Result: NOTE 'LazyData' is specified without a 'data' directory Flavors: r-devel-linux-x86_64-debian-clang, r-devel-linux-x86_64-debian-gcc, r-devel-linux-x86_64-fedora-clang, r-devel-linux-x86_64-fedora-gcc, r-devel-windows-x86_64, r-patched-linux-x86_64, r-release-linux-x86_64, r-release-macos-arm64, r-release-macos-x86_64, r-release-windows-x86_64, r-oldrel-macos-arm64, r-oldrel-macos-x86_64, r-oldrel-windows-x86_64

Version: 0.5.6.1
Check: package dependencies
Result: NOTE Packages suggested but not available for checking: 'testthat', 'tibble' Flavor: r-devel-linux-x86_64-debian-gcc

Version: 0.5.6.1
Check: tests
Result: ERROR Running ‘testthat.R’ [0s/1s] Running the tests in ‘tests/testthat.R’ failed. Complete output: > library(testthat) Error in library(testthat) : there is no package called 'testthat' Execution halted Flavor: r-devel-linux-x86_64-debian-gcc