CRAN Package Check Results for Package stepPenal

Last updated on 2025-01-21 04:48:38 CET.

Flavor Version Tinstall Tcheck Ttotal Status Flags
r-devel-linux-x86_64-debian-clang 0.2 2.50 24.11 26.61 NOTE
r-devel-linux-x86_64-debian-gcc 0.2 2.07 18.50 20.57 NOTE
r-devel-linux-x86_64-fedora-clang 0.2 44.25 NOTE
r-devel-linux-x86_64-fedora-gcc 0.2 41.01 NOTE
r-devel-windows-x86_64 0.2 5.00 45.00 50.00 NOTE
r-patched-linux-x86_64 0.2 2.85 22.54 25.39 NOTE
r-release-linux-x86_64 0.2 2.74 22.19 24.93 NOTE
r-release-macos-arm64 0.2 18.00 NOTE
r-release-macos-x86_64 0.2 24.00 NOTE
r-release-windows-x86_64 0.2 5.00 47.00 52.00 NOTE
r-oldrel-macos-arm64 0.2 20.00 NOTE
r-oldrel-macos-x86_64 0.2 24.00 NOTE
r-oldrel-windows-x86_64 0.2 5.00 49.00 54.00 NOTE

Check Details

Version: 0.2
Check: Rd files
Result: NOTE checkRd: (-1) tuneParam.Rd:28: Lost braces; missing escapes or markup? 28 | It supports the BFGS optimization method ('QN') from the optim {stats} function, the Hooke-Jeeves derivative-free | ^ checkRd: (-1) tuneParamCL2.Rd:28: Lost braces; missing escapes or markup? 28 | It supports the BFGS optimization method ('QN') from the optim {stats} function, the Hooke-Jeeves derivative-free | ^ Flavors: r-devel-linux-x86_64-debian-clang, r-devel-linux-x86_64-debian-gcc, r-devel-linux-x86_64-fedora-clang, r-devel-linux-x86_64-fedora-gcc, r-devel-windows-x86_64, r-patched-linux-x86_64, r-release-linux-x86_64, r-release-macos-arm64, r-release-macos-x86_64, r-release-windows-x86_64

Version: 0.2
Check: LazyData
Result: NOTE 'LazyData' is specified without a 'data' directory Flavors: r-patched-linux-x86_64, r-release-linux-x86_64, r-release-macos-arm64, r-release-macos-x86_64, r-release-windows-x86_64, r-oldrel-macos-arm64, r-oldrel-macos-x86_64, r-oldrel-windows-x86_64