Last updated on 2025-06-23 16:50:23 CEST.
Flavor | Version | Tinstall | Tcheck | Ttotal | Status | Flags |
---|---|---|---|---|---|---|
r-devel-linux-x86_64-debian-clang | 1.0.14 | 9.77 | 204.78 | 214.55 | OK | |
r-devel-linux-x86_64-debian-gcc | 1.0.14 | 7.79 | 139.13 | 146.92 | OK | |
r-devel-linux-x86_64-fedora-clang | 1.0.14 | 322.35 | NOTE | |||
r-devel-linux-x86_64-fedora-gcc | 1.0.14 | 320.64 | NOTE | |||
r-devel-windows-x86_64 | 1.0.14 | 14.00 | 201.00 | 215.00 | OK | |
r-patched-linux-x86_64 | 1.0.14 | 9.99 | 198.29 | 208.28 | OK | |
r-release-linux-x86_64 | 1.0.14 | 11.49 | 198.91 | 210.40 | OK | |
r-release-macos-arm64 | 1.0.14 | 97.00 | OK | |||
r-release-macos-x86_64 | 1.0.14 | 192.00 | OK | |||
r-release-windows-x86_64 | 1.0.14 | 14.00 | 196.00 | 210.00 | OK | |
r-oldrel-macos-arm64 | 1.0.14 | 96.00 | NOTE | |||
r-oldrel-macos-x86_64 | 1.0.14 | 182.00 | NOTE | |||
r-oldrel-windows-x86_64 | 1.0.14 | 15.00 | 266.00 | 281.00 | NOTE |
Version: 1.0.14
Check: dependencies in R code
Result: NOTE
Namespace in Imports field not imported from: ‘mapproj’
All declared Imports should be used.
Flavors: r-devel-linux-x86_64-fedora-clang, r-devel-linux-x86_64-fedora-gcc
Version: 1.0.14
Check: package dependencies
Result: NOTE
Package suggested but not available for checking: ‘asreml’
Flavors: r-oldrel-macos-arm64, r-oldrel-macos-x86_64, r-oldrel-windows-x86_64