CRAN Package Check Results for Package statcanR

Last updated on 2024-07-20 04:48:46 CEST.

Flavor Version Tinstall Tcheck Ttotal Status Flags
r-devel-linux-x86_64-debian-clang 0.2.6 6.83 75.04 81.87 NOTE
r-devel-linux-x86_64-debian-gcc 0.2.6 5.65 58.37 64.02 NOTE
r-devel-linux-x86_64-fedora-clang 0.2.6 106.61 NOTE
r-devel-linux-x86_64-fedora-gcc 0.2.6 109.07 NOTE
r-devel-windows-x86_64 0.2.6 9.00 77.00 86.00 NOTE
r-patched-linux-x86_64 0.2.6 7.76 72.69 80.45 NOTE
r-release-linux-x86_64 0.2.6 4.83 72.03 76.86 NOTE
r-release-macos-arm64 0.2.6 58.00 NOTE
r-release-macos-x86_64 0.2.6 87.00 NOTE
r-release-windows-x86_64 0.2.6 8.00 77.00 85.00 NOTE
r-oldrel-macos-arm64 0.2.6 46.00 OK
r-oldrel-macos-x86_64 0.2.6 82.00 OK
r-oldrel-windows-x86_64 0.2.6 9.00 89.00 98.00 OK

Check Details

Version: 0.2.6
Check: Rd files
Result: NOTE checkRd: (-1) statcan_data.Rd:22: Lost braces; missing escapes or markup? 22 | \code{statcan_data()} function has 2 arguments to fulfill to get data: {tableNumber} & {lang}. | ^ checkRd: (-1) statcan_data.Rd:22: Lost braces; missing escapes or markup? 22 | \code{statcan_data()} function has 2 arguments to fulfill to get data: {tableNumber} & {lang}. | ^ checkRd: (-1) statcan_search.Rd:18: Lost braces; missing escapes or markup? 18 | The \code{statcan_search()} function has 2 arguments to fulfill to find a database: {keywords} and {lang}. | ^ checkRd: (-1) statcan_search.Rd:18: Lost braces; missing escapes or markup? 18 | The \code{statcan_search()} function has 2 arguments to fulfill to find a database: {keywords} and {lang}. | ^ Flavors: r-devel-linux-x86_64-debian-clang, r-devel-linux-x86_64-debian-gcc, r-devel-linux-x86_64-fedora-clang, r-devel-linux-x86_64-fedora-gcc, r-devel-windows-x86_64, r-patched-linux-x86_64, r-release-linux-x86_64, r-release-macos-arm64, r-release-macos-x86_64, r-release-windows-x86_64