CRAN Package Check Results for Package statar

Last updated on 2025-01-21 04:48:38 CET.

Flavor Version Tinstall Tcheck Ttotal Status Flags
r-devel-linux-x86_64-debian-clang 0.7.6 6.30 59.00 65.30 NOTE
r-devel-linux-x86_64-debian-gcc 0.7.6 3.98 43.01 46.99 NOTE
r-devel-linux-x86_64-fedora-clang 0.7.6 106.95 OK
r-devel-linux-x86_64-fedora-gcc 0.7.6 113.17 OK
r-devel-windows-x86_64 0.7.6 7.00 78.00 85.00 NOTE
r-patched-linux-x86_64 0.7.6 9.05 55.00 64.05 OK
r-release-linux-x86_64 0.7.6 5.57 54.69 60.26 OK
r-release-macos-arm64 0.7.6 40.00 OK
r-release-macos-x86_64 0.7.6 64.00 OK
r-release-windows-x86_64 0.7.6 9.00 78.00 87.00 OK
r-oldrel-macos-arm64 0.7.6 42.00 OK
r-oldrel-macos-x86_64 0.7.6 84.00 OK
r-oldrel-windows-x86_64 0.7.6 9.00 88.00 97.00 OK

Check Details

Version: 0.7.6
Check: Rd cross-references
Result: NOTE Found the following Rd file(s) with Rd \link{} targets missing package anchors: elapsed.Rd: week, month, year Please provide package anchors for all Rd \link{} targets not in the package itself and the base packages. Flavors: r-devel-linux-x86_64-debian-clang, r-devel-linux-x86_64-debian-gcc, r-devel-windows-x86_64