CRAN Package Check Results for Package starm

Last updated on 2024-07-24 16:54:02 CEST.

Flavor Version Tinstall Tcheck Ttotal Status Flags
r-devel-linux-x86_64-debian-clang 0.1.0 3.85 40.33 44.18 OK
r-devel-linux-x86_64-debian-gcc 0.1.0 3.52 30.33 33.85 OK
r-devel-linux-x86_64-fedora-clang 0.1.0 58.03 NOTE
r-devel-linux-x86_64-fedora-gcc 0.1.0 80.75 NOTE
r-devel-windows-x86_64 0.1.0 5.00 59.00 64.00 OK
r-patched-linux-x86_64 0.1.0 5.19 37.80 42.99 OK
r-release-linux-x86_64 0.1.0 4.78 38.95 43.73 OK
r-release-macos-arm64 0.1.0 32.00 OK
r-release-macos-x86_64 0.1.0 56.00 OK
r-release-windows-x86_64 0.1.0 4.00 59.00 63.00 OK
r-oldrel-macos-arm64 0.1.0 33.00 OK
r-oldrel-macos-x86_64 0.1.0 50.00 OK
r-oldrel-windows-x86_64 0.1.0 4.00 61.00 65.00 OK

Check Details

Version: 0.1.0
Check: dependencies in R code
Result: NOTE Namespace in Imports field not imported from: ‘Matrix’ All declared Imports should be used. Flavors: r-devel-linux-x86_64-fedora-clang, r-devel-linux-x86_64-fedora-gcc