CRAN Package Check Results for Package spreadr

Last updated on 2024-07-14 16:52:45 CEST.

Flavor Version Tinstall Tcheck Ttotal Status Flags
r-devel-linux-x86_64-debian-clang 0.2.0 25.46 57.61 83.07 NOTE
r-devel-linux-x86_64-debian-gcc 0.2.0 13.67 43.29 56.96 NOTE
r-devel-linux-x86_64-fedora-clang 0.2.0 107.02 NOTE
r-devel-linux-x86_64-fedora-gcc 0.2.0 122.37 NOTE
r-devel-windows-x86_64 0.2.0 21.00 76.00 97.00 NOTE
r-patched-linux-x86_64 0.2.0 15.50 53.30 68.80 NOTE
r-release-linux-x86_64 0.2.0 16.86 54.59 71.45 NOTE
r-release-macos-arm64 0.2.0 35.00 NOTE
r-release-macos-x86_64 0.2.0 53.00 NOTE
r-release-windows-x86_64 0.2.0 20.00 79.00 99.00 NOTE
r-oldrel-macos-arm64 0.2.0 38.00 NOTE
r-oldrel-macos-x86_64 0.2.0 50.00 NOTE
r-oldrel-windows-x86_64 0.2.0 26.00 90.00 116.00 NOTE

Check Details

Version: 0.2.0
Check: package subdirectories
Result: NOTE Problems with news in ‘NEWS.md’: Cannot extract version info from the following section titles: updates of 10th May 2021 Flavors: r-devel-linux-x86_64-debian-clang, r-devel-linux-x86_64-debian-gcc, r-devel-linux-x86_64-fedora-clang, r-devel-linux-x86_64-fedora-gcc, r-devel-windows-x86_64, r-patched-linux-x86_64, r-release-linux-x86_64, r-release-macos-arm64, r-release-macos-x86_64, r-release-windows-x86_64, r-oldrel-macos-arm64, r-oldrel-macos-x86_64, r-oldrel-windows-x86_64

Version: 0.2.0
Check: dependencies in R code
Result: NOTE Namespaces in Imports field not imported from: ‘extrafont’ ‘ggplot2’ All declared Imports should be used. Flavors: r-devel-linux-x86_64-fedora-clang, r-devel-linux-x86_64-fedora-gcc

Version: 0.2.0
Check: package dependencies
Result: NOTE Package suggested but not available for checking: ‘ggraph’ Flavor: r-oldrel-macos-x86_64