CRAN Package Check Results for Package spotifyr

Last updated on 2024-07-21 16:52:23 CEST.

Flavor Version Tinstall Tcheck Ttotal Status Flags
r-devel-linux-x86_64-debian-clang 2.2.4 9.83 82.24 92.07 NOTE
r-devel-linux-x86_64-debian-gcc 2.2.4 7.59 61.19 68.78 NOTE
r-devel-linux-x86_64-fedora-clang 2.2.4 114.79 NOTE
r-devel-linux-x86_64-fedora-gcc 2.2.4 117.65 NOTE
r-devel-windows-x86_64 2.2.4 12.00 89.00 101.00 NOTE
r-patched-linux-x86_64 2.2.4 12.14 76.44 88.58 NOTE
r-release-linux-x86_64 2.2.4 5.61 76.37 81.98 NOTE
r-release-macos-arm64 2.2.4 36.00 NOTE
r-release-macos-x86_64 2.2.4 50.00 NOTE
r-release-windows-x86_64 2.2.4 10.00 88.00 98.00 NOTE
r-oldrel-macos-arm64 2.2.4 32.00 OK
r-oldrel-macos-x86_64 2.2.4 52.00 OK
r-oldrel-windows-x86_64 2.2.4 12.00 102.00 114.00 OK

Check Details

Version: 2.2.4
Check: Rd files
Result: NOTE checkRd: (-1) get_my_currently_playing.Rd:15: Lost braces 15 | href{https://developer.spotify.com/documentation/general/guides/track-relinking-guide/}{Track Relinking}} | ^ checkRd: (-1) get_my_currently_playing.Rd:15: Lost braces 15 | href{https://developer.spotify.com/documentation/general/guides/track-relinking-guide/}{Track Relinking}} | ^ Flavors: r-devel-linux-x86_64-debian-clang, r-devel-linux-x86_64-debian-gcc, r-devel-linux-x86_64-fedora-clang, r-devel-linux-x86_64-fedora-gcc, r-devel-windows-x86_64, r-patched-linux-x86_64, r-release-linux-x86_64, r-release-macos-arm64, r-release-macos-x86_64, r-release-windows-x86_64