CRAN Package Check Results for Package specr

Last updated on 2024-06-14 05:00:36 CEST.

Flavor Version Tinstall Tcheck Ttotal Status Flags
r-devel-linux-x86_64-debian-clang 1.0.0 15.88 333.52 349.40 OK
r-devel-linux-x86_64-debian-gcc 1.0.0 0.53 1.96 2.49 ERROR
r-devel-linux-x86_64-fedora-clang 1.0.0 440.18 OK
r-devel-linux-x86_64-fedora-gcc 1.0.0 430.88 OK
r-devel-windows-x86_64 1.0.0 13.00 243.00 256.00 OK
r-patched-linux-x86_64 1.0.0 13.62 326.99 340.61 OK
r-release-linux-x86_64 1.0.0 13.71 322.44 336.15 OK
r-release-macos-arm64 1.0.0 129.00 OK
r-release-macos-x86_64 1.0.0 182.00 OK
r-release-windows-x86_64 1.0.0 14.00 250.00 264.00 OK
r-oldrel-macos-arm64 1.0.0 125.00 OK
r-oldrel-macos-x86_64 1.0.0 162.00 OK
r-oldrel-windows-x86_64 1.0.0 17.00 306.00 323.00 OK

Check Details

Version: 1.0.0
Check: package dependencies
Result: ERROR Packages required but not available: 'broom', 'cowplot', 'dplyr', 'furrr', 'ggplot2', 'ggraph', 'igraph', 'lme4', 'purrr', 'stringr', 'tibble', 'tidyr' Packages suggested but not available for checking: 'broom.mixed', 'gapminder', 'ggridges', 'testthat', 'tidyverse' See section ‘The DESCRIPTION file’ in the ‘Writing R Extensions’ manual. Flavor: r-devel-linux-x86_64-debian-gcc