CRAN Package Check Results for Package sparsesvd

Last updated on 2024-07-20 16:49:16 CEST.

Flavor Version Tinstall Tcheck Ttotal Status Flags
r-devel-linux-x86_64-debian-clang 0.2-2 6.94 82.44 89.38 OK
r-devel-linux-x86_64-debian-gcc 0.2-2 7.24 64.62 71.86 OK
r-devel-linux-x86_64-fedora-clang 0.2-2 111.86 OK
r-devel-linux-x86_64-fedora-gcc 0.2-2 122.35 OK
r-devel-windows-x86_64 0.2-2 12.00 78.00 90.00 NOTE
r-patched-linux-x86_64 0.2-2 8.00 79.25 87.25 OK
r-release-linux-x86_64 0.2-2 8.98 80.57 89.55 OK
r-release-macos-arm64 0.2-2 38.00 OK
r-release-macos-x86_64 0.2-2 58.00 OK
r-release-windows-x86_64 0.2-2 11.00 78.00 89.00 OK
r-oldrel-macos-arm64 0.2-2 39.00 OK
r-oldrel-macos-x86_64 0.2-2 68.00 OK
r-oldrel-windows-x86_64 0.2-2 11.00 93.00 104.00 OK

Check Details

Version: 0.2-2
Check: Rd cross-references
Result: NOTE Found the following Rd file(s) with Rd \link{} targets missing package anchors: sparsesvd.Rd: dgCMatrix-class, sparseMatrix Please provide package anchors for all Rd \link{} targets not in the package itself and the base packages. Flavor: r-devel-windows-x86_64