CRAN Package Check Results for Package spacyr

Last updated on 2024-07-21 16:52:23 CEST.

Flavor Version Tinstall Tcheck Ttotal Status Flags
r-devel-linux-x86_64-debian-clang 1.3.0 4.94 46.19 51.13 OK
r-devel-linux-x86_64-debian-gcc 1.3.0 3.30 34.67 37.97 OK
r-devel-linux-x86_64-fedora-clang 1.3.0 65.32 NOTE
r-devel-linux-x86_64-fedora-gcc 1.3.0 76.58 NOTE
r-devel-windows-x86_64 1.3.0 5.00 58.00 63.00 OK
r-patched-linux-x86_64 1.3.0 4.38 43.27 47.65 OK
r-release-linux-x86_64 1.3.0 3.84 42.27 46.11 OK
r-release-macos-arm64 1.3.0 27.00 OK
r-release-macos-x86_64 1.3.0 42.00 OK
r-release-windows-x86_64 1.3.0 4.00 58.00 62.00 OK
r-oldrel-macos-arm64 1.3.0 32.00 OK
r-oldrel-macos-x86_64 1.3.0 62.00 OK
r-oldrel-windows-x86_64 1.3.0 6.00 60.00 66.00 OK

Check Details

Version: 1.3.0
Check: data for non-ASCII characters
Result: NOTE Note: found 1 marked UTF-8 string Flavors: r-devel-linux-x86_64-fedora-clang, r-devel-linux-x86_64-fedora-gcc