CRAN Package Check Results for Package spAddins

Last updated on 2024-07-16 16:53:01 CEST.

Flavor Version Tinstall Tcheck Ttotal Status Flags
r-devel-linux-x86_64-debian-clang 0.2.0 2.55 29.24 31.79 NOTE
r-devel-linux-x86_64-debian-gcc 0.2.0 1.94 22.72 24.66 NOTE
r-devel-linux-x86_64-fedora-clang 0.2.0 41.39 NOTE
r-devel-linux-x86_64-fedora-gcc 0.2.0 53.10 NOTE
r-devel-windows-x86_64 0.2.0 3.00 47.00 50.00 NOTE
r-patched-linux-x86_64 0.2.0 2.80 28.19 30.99 NOTE
r-release-linux-x86_64 0.2.0 2.10 27.87 29.97 NOTE
r-release-macos-arm64 0.2.0 26.00 NOTE
r-release-macos-x86_64 0.2.0 34.00 NOTE
r-release-windows-x86_64 0.2.0 3.00 47.00 50.00 NOTE
r-oldrel-macos-arm64 0.2.0 23.00 NOTE
r-oldrel-macos-x86_64 0.2.0 31.00 NOTE
r-oldrel-windows-x86_64 0.2.0 4.00 46.00 50.00 NOTE

Check Details

Version: 0.2.0
Check: LazyData
Result: NOTE 'LazyData' is specified without a 'data' directory Flavors: r-devel-linux-x86_64-debian-clang, r-devel-linux-x86_64-debian-gcc, r-devel-linux-x86_64-fedora-clang, r-devel-linux-x86_64-fedora-gcc, r-devel-windows-x86_64, r-patched-linux-x86_64, r-release-linux-x86_64, r-release-macos-arm64, r-release-macos-x86_64, r-release-windows-x86_64, r-oldrel-macos-arm64, r-oldrel-macos-x86_64, r-oldrel-windows-x86_64

Version: 0.2.0
Check: Rd cross-references
Result: NOTE Undeclared package ‘rebus.base’ in Rd xrefs Flavor: r-devel-linux-x86_64-fedora-clang