CRAN Package Check Results for Package sorvi

Last updated on 2024-07-14 04:52:25 CEST.

Flavor Version Tinstall Tcheck Ttotal Status Flags
r-devel-linux-x86_64-debian-clang 0.8.21 11.48 107.44 118.92 NOTE
r-devel-linux-x86_64-debian-gcc 0.8.21 8.43 80.35 88.78 NOTE
r-devel-linux-x86_64-fedora-clang 0.8.21 147.22 NOTE
r-devel-linux-x86_64-fedora-gcc 0.8.21 155.29 NOTE
r-devel-windows-x86_64 0.8.21 11.00 95.00 106.00 NOTE
r-patched-linux-x86_64 0.8.21 9.95 100.89 110.84 NOTE
r-release-linux-x86_64 0.8.21 6.24 101.26 107.50 NOTE
r-release-macos-arm64 0.8.21 45.00 NOTE
r-release-macos-x86_64 0.8.21 69.00 NOTE
r-release-windows-x86_64 0.8.21 10.00 93.00 103.00 NOTE
r-oldrel-macos-arm64 0.8.21 50.00 OK
r-oldrel-macos-x86_64 0.8.21 111.00 OK
r-oldrel-windows-x86_64 0.8.21 12.00 107.00 119.00 OK

Check Details

Version: 0.8.21
Check: Rd files
Result: NOTE checkRd: (-1) load_sorvi_data.Rd:23: Lost braces in \itemize; meant \describe ? Flavors: r-devel-linux-x86_64-debian-clang, r-devel-linux-x86_64-debian-gcc, r-devel-linux-x86_64-fedora-clang, r-devel-linux-x86_64-fedora-gcc, r-devel-windows-x86_64, r-patched-linux-x86_64, r-release-linux-x86_64, r-release-macos-arm64, r-release-macos-x86_64, r-release-windows-x86_64

Version: 0.8.21
Check: data for non-ASCII characters
Result: NOTE Note: found 1245 marked UTF-8 strings Flavors: r-devel-linux-x86_64-fedora-clang, r-devel-linux-x86_64-fedora-gcc