CRAN Package Check Results for Package smartmap

Last updated on 2024-07-12 16:53:54 CEST.

Flavor Version Tinstall Tcheck Ttotal Status Flags
r-devel-linux-x86_64-debian-clang 0.1.1 4.97 51.65 56.62 NOTE
r-devel-linux-x86_64-debian-gcc 0.1.1 3.15 38.54 41.69 NOTE
r-devel-linux-x86_64-fedora-clang 0.1.1 69.33 NOTE
r-devel-linux-x86_64-fedora-gcc 0.1.1 67.80 NOTE
r-devel-windows-x86_64 0.1.1 6.00 58.00 64.00 NOTE
r-patched-linux-x86_64 0.1.1 4.92 47.34 52.26 NOTE
r-release-linux-x86_64 0.1.1 4.66 47.61 52.27 NOTE
r-release-macos-arm64 0.1.1 23.00 NOTE
r-release-macos-x86_64 0.1.1 37.00 NOTE
r-release-windows-x86_64 0.1.1 6.00 56.00 62.00 NOTE
r-oldrel-macos-arm64 0.1.1 30.00 NOTE
r-oldrel-macos-x86_64 0.1.1 43.00 NOTE
r-oldrel-windows-x86_64 0.1.1 7.00 61.00 68.00 NOTE

Check Details

Version: 0.1.1
Check: package subdirectories
Result: NOTE Problems with news in ‘NEWS.md’: No news entries found. Flavors: r-devel-linux-x86_64-debian-clang, r-devel-linux-x86_64-debian-gcc, r-devel-linux-x86_64-fedora-clang, r-devel-linux-x86_64-fedora-gcc, r-devel-windows-x86_64, r-patched-linux-x86_64, r-release-linux-x86_64, r-release-macos-arm64, r-release-macos-x86_64, r-release-windows-x86_64, r-oldrel-macos-arm64, r-oldrel-macos-x86_64, r-oldrel-windows-x86_64

Version: 0.1.1
Check: LazyData
Result: NOTE 'LazyData' is specified without a 'data' directory Flavors: r-devel-linux-x86_64-debian-clang, r-devel-linux-x86_64-debian-gcc, r-devel-linux-x86_64-fedora-clang, r-devel-linux-x86_64-fedora-gcc, r-devel-windows-x86_64, r-patched-linux-x86_64, r-release-linux-x86_64, r-release-macos-arm64, r-release-macos-x86_64, r-release-windows-x86_64, r-oldrel-macos-arm64, r-oldrel-macos-x86_64, r-oldrel-windows-x86_64