CRAN Package Check Results for Package skedastic

Last updated on 2024-06-13 16:49:26 CEST.

Flavor Version Tinstall Tcheck Ttotal Status Flags
r-devel-linux-x86_64-debian-clang 2.0.2 18.68 215.08 233.76 OK
r-devel-linux-x86_64-debian-gcc 2.0.2 0.50 1.75 2.25 ERROR
r-devel-linux-x86_64-fedora-clang 2.0.2 259.32 OK
r-devel-linux-x86_64-fedora-gcc 2.0.2 253.65 OK
r-devel-windows-x86_64 2.0.2 16.00 182.00 198.00 OK
r-patched-linux-x86_64 2.0.2 13.66 217.57 231.23 OK
r-release-linux-x86_64 2.0.2 12.41 217.79 230.20 OK
r-release-macos-arm64 2.0.2 77.00 OK
r-release-macos-x86_64 2.0.2 112.00 OK
r-release-windows-x86_64 2.0.2 16.00 186.00 202.00 OK
r-oldrel-macos-arm64 2.0.2 81.00 OK
r-oldrel-macos-x86_64 2.0.2 157.00 OK
r-oldrel-windows-x86_64 2.0.2 22.00 242.00 264.00 OK

Check Details

Version: 2.0.2
Check: package dependencies
Result: ERROR Packages required but not available: 'broom', 'bazar', 'caret' Packages suggested but not available for checking: 'devtools', 'car', 'tibble', 'testthat' See section ‘The DESCRIPTION file’ in the ‘Writing R Extensions’ manual. Flavor: r-devel-linux-x86_64-debian-gcc