CRAN Package Check Results for Package shinyjs

Last updated on 2024-06-12 16:56:56 CEST.

Flavor Version Tinstall Tcheck Ttotal Status Flags
r-devel-linux-x86_64-debian-clang 2.1.0 3.35 39.58 42.93 NOTE
r-devel-linux-x86_64-debian-gcc 2.1.0 2.41 30.82 33.23 NOTE
r-devel-linux-x86_64-fedora-gcc 2.1.0 66.18 NOTE
r-devel-windows-x86_64 2.1.0 5.00 61.00 66.00 NOTE
r-patched-linux-x86_64 2.1.0 3.50 38.85 42.35 NOTE
r-release-linux-x86_64 2.1.0 3.29 39.12 42.41 NOTE
r-release-macos-arm64 2.1.0 37.00 NOTE
r-release-macos-x86_64 2.1.0 53.00 NOTE
r-release-windows-x86_64 2.1.0 5.00 60.00 65.00 NOTE
r-oldrel-macos-arm64 2.1.0 35.00 OK
r-oldrel-macos-x86_64 2.1.0 46.00 OK
r-oldrel-windows-x86_64 2.1.0 5.00 62.00 67.00 OK

Check Details

Version: 2.1.0
Check: Rd files
Result: NOTE checkRd: (-1) shinyjs-defunct.Rd:18: Lost braces in \itemize; meant \describe ? checkRd: (-1) shinyjs-defunct.Rd:19: Lost braces in \itemize; meant \describe ? checkRd: (-1) shinyjs-defunct.Rd:20: Lost braces in \itemize; meant \describe ? Flavors: r-devel-linux-x86_64-debian-clang, r-devel-linux-x86_64-debian-gcc, r-devel-linux-x86_64-fedora-gcc, r-devel-windows-x86_64, r-patched-linux-x86_64, r-release-linux-x86_64, r-release-macos-arm64, r-release-macos-x86_64, r-release-windows-x86_64