CRAN Package Check Results for Package shinybrms

Last updated on 2024-06-15 05:49:26 CEST.

Flavor Version Tinstall Tcheck Ttotal Status Flags
r-devel-linux-x86_64-debian-clang 1.8.0 1.83 31.87 33.70 NOTE
r-devel-linux-x86_64-debian-gcc 1.8.0 2.07 24.37 26.44 NOTE
r-devel-linux-x86_64-fedora-clang 1.8.0 44.89 NOTE
r-devel-linux-x86_64-fedora-gcc 1.8.0 42.50 NOTE
r-devel-windows-x86_64 1.8.0 4.00 45.00 49.00 NOTE
r-patched-linux-x86_64 1.8.0 1.81 30.84 32.65 NOTE
r-release-linux-x86_64 1.8.0 1.77 30.95 32.72 NOTE
r-release-macos-arm64 1.8.0 19.00 NOTE
r-release-macos-x86_64 1.8.0 28.00 NOTE
r-release-windows-x86_64 1.8.0 4.00 50.00 54.00 NOTE
r-oldrel-macos-arm64 1.8.0 20.00 NOTE
r-oldrel-macos-x86_64 1.8.0 27.00 NOTE
r-oldrel-windows-x86_64 1.8.0 5.00 49.00 54.00 NOTE

Check Details

Version: 1.8.0
Check: package dependencies
Result: NOTE Package suggested but not available for checking: ‘cmdstanr’ Flavors: r-devel-linux-x86_64-debian-clang, r-devel-linux-x86_64-debian-gcc, r-devel-linux-x86_64-fedora-clang, r-devel-linux-x86_64-fedora-gcc, r-devel-windows-x86_64, r-patched-linux-x86_64, r-release-linux-x86_64, r-release-macos-arm64, r-release-macos-x86_64, r-release-windows-x86_64, r-oldrel-macos-arm64, r-oldrel-macos-x86_64, r-oldrel-windows-x86_64