CRAN Package Check Results for Package sfsmisc

Last updated on 2024-06-19 17:54:39 CEST.

Flavor Version Tinstall Tcheck Ttotal Status Flags
r-devel-linux-x86_64-debian-clang 1.1-18 9.54 82.97 92.51 OK
r-devel-linux-x86_64-debian-gcc 1.1-18 6.04 60.74 66.78 OK
r-devel-linux-x86_64-fedora-clang 1.1-18 114.49 NOTE
r-devel-linux-x86_64-fedora-gcc 1.1-18 109.83 OK
r-devel-windows-x86_64 1.1-18 8.00 101.00 109.00 OK
r-patched-linux-x86_64 1.1-18 10.92 80.54 91.46 OK
r-release-linux-x86_64 1.1-18 7.86 81.14 89.00 OK
r-release-macos-arm64 1.1-18 54.00 OK
r-release-macos-x86_64 1.1-18 56.00 OK
r-release-windows-x86_64 1.1-18 10.00 102.00 112.00 OK
r-oldrel-macos-arm64 1.1-18 57.00 OK
r-oldrel-macos-x86_64 1.1-18 100.00 OK
r-oldrel-windows-x86_64 1.1-18 8.00 119.00 127.00 OK

Check Details

Version: 1.1-18
Check: Rd cross-references
Result: NOTE Undeclared packages ‘relevance’, ‘DescTools’ in Rd xrefs Flavor: r-devel-linux-x86_64-fedora-clang