Last updated on 2025-06-14 16:48:34 CEST.
Flavor | Version | Tinstall | Tcheck | Ttotal | Status | Flags |
---|---|---|---|---|---|---|
r-devel-linux-x86_64-debian-clang | 0.2.2.0 | 34.79 | 286.15 | 320.94 | NOTE | |
r-devel-linux-x86_64-debian-gcc | 0.2.2.0 | 20.97 | 187.65 | 208.62 | NOTE | |
r-devel-linux-x86_64-fedora-clang | 0.2.2.0 | 515.45 | NOTE | |||
r-devel-linux-x86_64-fedora-gcc | 0.2.2.0 | 475.07 | NOTE | |||
r-devel-windows-x86_64 | 0.2.2.0 | 32.00 | 217.00 | 249.00 | NOTE | |
r-patched-linux-x86_64 | 0.2.2.0 | 31.98 | 273.75 | 305.73 | NOTE | |
r-release-linux-x86_64 | 0.2.2.0 | 32.43 | 271.82 | 304.25 | NOTE | |
r-release-macos-arm64 | 0.2.2.0 | 147.00 | NOTE | |||
r-release-macos-x86_64 | 0.2.2.0 | 237.00 | NOTE | |||
r-release-windows-x86_64 | 0.2.2.0 | 31.00 | 221.00 | 252.00 | NOTE | |
r-oldrel-macos-arm64 | 0.2.2.0 | 97.00 | OK | |||
r-oldrel-macos-x86_64 | 0.2.2.0 | 177.00 | OK | |||
r-oldrel-windows-x86_64 | 0.2.2.0 | 42.00 | 305.00 | 347.00 | OK |
Version: 0.2.2.0
Check: DESCRIPTION meta-information
Result: NOTE
Missing dependency on R >= 4.1.0 because package code uses the pipe
|> or function shorthand \(...) syntax added in R 4.1.0.
File(s) using such syntax:
‘st_transform_outline.R’
Flavors: r-devel-linux-x86_64-debian-clang, r-devel-linux-x86_64-debian-gcc, r-devel-linux-x86_64-fedora-clang, r-devel-linux-x86_64-fedora-gcc, r-devel-windows-x86_64, r-patched-linux-x86_64, r-release-linux-x86_64, r-release-macos-arm64, r-release-macos-x86_64, r-release-windows-x86_64