CRAN Package Check Results for Package seqhandbook

Last updated on 2024-07-20 04:48:44 CEST.

Flavor Version Tinstall Tcheck Ttotal Status Flags
r-devel-linux-x86_64-debian-clang 0.1.1 7.98 83.60 91.58 OK
r-devel-linux-x86_64-debian-gcc 0.1.1 6.82 63.06 69.88 OK
r-devel-linux-x86_64-fedora-clang 0.1.1 112.69 OK
r-devel-linux-x86_64-fedora-gcc 0.1.1 118.48 OK
r-devel-windows-x86_64 0.1.1 8.00 80.00 88.00 NOTE
r-patched-linux-x86_64 0.1.1 8.70 77.98 86.68 OK
r-release-linux-x86_64 0.1.1 7.44 76.38 83.82 OK
r-release-macos-arm64 0.1.1 41.00 OK
r-release-macos-x86_64 0.1.1 62.00 OK
r-release-windows-x86_64 0.1.1 9.00 78.00 87.00 OK
r-oldrel-macos-arm64 0.1.1 42.00 OK
r-oldrel-macos-x86_64 0.1.1 70.00 NOTE
r-oldrel-windows-x86_64 0.1.1 11.00 96.00 107.00 OK

Check Details

Version: 0.1.1
Check: Rd cross-references
Result: NOTE Found the following Rd file(s) with Rd \link{} targets missing package anchors: seq2qha.Rd: seqdef seq_heatmap.Rd: seqdef, agnes, seqIplot seqi1epi.Rd: seqdef, seqistatd seqifpos.Rd: seqdef, seqistatd seqinepi.Rd: seqdef, seqistatd seqsmooth.Rd: seqdef Please provide package anchors for all Rd \link{} targets not in the package itself and the base packages. Flavor: r-devel-windows-x86_64

Version: 0.1.1
Check: package dependencies
Result: NOTE Packages suggested but not available for checking: 'FactoMineR', 'descriptio' Flavor: r-oldrel-macos-x86_64