CRAN Package Check Results for Package semiArtificial

Last updated on 2024-06-13 16:49:25 CEST.

Flavor Version Tinstall Tcheck Ttotal Status Flags
r-devel-linux-x86_64-debian-clang 2.4.1 19.88 186.38 206.26 OK
r-devel-linux-x86_64-debian-gcc 2.4.1 0.32 1.74 2.06 ERROR
r-devel-linux-x86_64-fedora-clang 2.4.1 261.12 OK
r-devel-linux-x86_64-fedora-gcc 2.4.1 241.48 OK
r-devel-windows-x86_64 2.4.1 18.00 130.00 148.00 OK
r-patched-linux-x86_64 2.4.1 19.27 180.18 199.45 OK
r-release-linux-x86_64 2.4.1 21.26 177.89 199.15 OK
r-release-macos-arm64 2.4.1 57.00 OK
r-release-macos-x86_64 2.4.1 99.00 OK
r-release-windows-x86_64 2.4.1 22.00 130.00 152.00 OK
r-oldrel-macos-arm64 2.4.1 70.00 OK
r-oldrel-macos-x86_64 2.4.1 120.00 OK
r-oldrel-windows-x86_64 2.4.1 24.00 169.00 193.00 OK

Check Details

Version: 2.4.1
Check: package dependencies
Result: ERROR Package required but not available: ‘StatMatch’ See section ‘The DESCRIPTION file’ in the ‘Writing R Extensions’ manual. Flavor: r-devel-linux-x86_64-debian-gcc