CRAN Package Check Results for Package seeclickfixr

Last updated on 2024-07-19 04:56:49 CEST.

Flavor Version Tinstall Tcheck Ttotal Status Flags
r-devel-linux-x86_64-debian-clang 1.1.0 2.31 25.31 27.62 NOTE
r-devel-linux-x86_64-debian-gcc 1.1.0 2.09 19.09 21.18 NOTE
r-devel-linux-x86_64-fedora-clang 1.1.0 35.15 NOTE
r-devel-linux-x86_64-fedora-gcc 1.1.0 32.88 NOTE
r-devel-windows-x86_64 1.1.0 3.00 42.00 45.00 NOTE
r-patched-linux-x86_64 1.1.0 2.38 24.38 26.76 NOTE
r-release-linux-x86_64 1.1.0 2.64 23.22 25.86 NOTE
r-release-macos-arm64 1.1.0 17.00 NOTE
r-release-macos-x86_64 1.1.0 23.00 NOTE
r-release-windows-x86_64 1.1.0 3.00 41.00 44.00 NOTE
r-oldrel-macos-arm64 1.1.0 16.00 NOTE
r-oldrel-macos-x86_64 1.1.0 23.00 NOTE
r-oldrel-windows-x86_64 1.1.0 4.00 43.00 47.00 NOTE

Check Details

Version: 1.1.0
Check: LazyData
Result: NOTE 'LazyData' is specified without a 'data' directory Flavors: r-devel-linux-x86_64-debian-clang, r-devel-linux-x86_64-debian-gcc, r-devel-linux-x86_64-fedora-clang, r-devel-linux-x86_64-fedora-gcc, r-devel-windows-x86_64, r-patched-linux-x86_64, r-release-linux-x86_64, r-release-macos-arm64, r-release-macos-x86_64, r-release-windows-x86_64, r-oldrel-macos-arm64, r-oldrel-macos-x86_64, r-oldrel-windows-x86_64