CRAN Package Check Results for Package secr

Last updated on 2024-07-19 17:54:40 CEST.

Flavor Version Tinstall Tcheck Ttotal Status Flags
r-devel-linux-x86_64-debian-clang 4.6.9 468.23 679.76 1147.99 NOTE
r-devel-linux-x86_64-debian-gcc 4.6.9 279.97 494.55 774.52 NOTE
r-devel-linux-x86_64-fedora-clang 4.6.9 1352.25 NOTE
r-devel-linux-x86_64-fedora-gcc 4.6.9 1597.65 NOTE
r-devel-windows-x86_64 4.6.9 354.00 548.00 902.00 NOTE
r-patched-linux-x86_64 4.6.9 412.84 654.10 1066.94 NOTE
r-release-linux-x86_64 4.6.9 406.80 661.54 1068.34 NOTE
r-release-macos-arm64 4.6.9 318.00 NOTE
r-release-macos-x86_64 4.6.9 757.00 NOTE
r-release-windows-x86_64 4.6.9 399.00 542.00 941.00 NOTE
r-oldrel-macos-arm64 4.6.9 322.00 NOTE
r-oldrel-macos-x86_64 4.6.9 516.00 NOTE
r-oldrel-windows-x86_64 4.6.9 494.00 721.00 1215.00 NOTE

Check Details

Version: 4.6.9
Check: for GNU extensions in Makefiles
Result: NOTE GNU make is a SystemRequirements. Flavors: r-devel-linux-x86_64-debian-clang, r-devel-linux-x86_64-debian-gcc, r-devel-linux-x86_64-fedora-clang, r-devel-linux-x86_64-fedora-gcc, r-devel-windows-x86_64, r-patched-linux-x86_64, r-release-linux-x86_64, r-release-macos-arm64, r-release-macos-x86_64, r-release-windows-x86_64, r-oldrel-macos-arm64, r-oldrel-macos-x86_64, r-oldrel-windows-x86_64

Version: 4.6.9
Check: installed package size
Result: NOTE installed size is 5.1Mb sub-directories of 1Mb or more: R 1.5Mb libs 1.9Mb Flavors: r-devel-windows-x86_64, r-release-macos-arm64, r-release-macos-x86_64, r-release-windows-x86_64, r-oldrel-macos-arm64, r-oldrel-macos-x86_64, r-oldrel-windows-x86_64