CRAN Package Check Results for Package sdcSpatial

Last updated on 2024-07-15 04:48:46 CEST.

Flavor Version Tinstall Tcheck Ttotal Status Flags
r-devel-linux-x86_64-debian-clang 0.5.2 3.18 113.74 116.92 OK
r-devel-linux-x86_64-debian-gcc 0.5.2 2.52 85.17 87.69 OK
r-devel-linux-x86_64-fedora-clang 0.5.2 137.44 OK
r-devel-linux-x86_64-fedora-gcc 0.5.2 146.92 OK
r-devel-windows-x86_64 0.5.2 4.00 109.00 113.00 NOTE
r-patched-linux-x86_64 0.5.2 6.66 107.12 113.78 OK
r-release-linux-x86_64 0.5.2 3.57 112.32 115.89 OK
r-release-macos-arm64 0.5.2 47.00 OK
r-release-macos-x86_64 0.5.2 74.00 OK
r-release-windows-x86_64 0.5.2 4.00 109.00 113.00 OK
r-oldrel-macos-arm64 0.5.2 44.00 ERROR
r-oldrel-macos-x86_64 0.5.2 66.00 ERROR
r-oldrel-windows-x86_64 0.5.2 5.00 131.00 136.00 OK

Check Details

Version: 0.5.2
Check: Rd cross-references
Result: NOTE Found the following Rd file(s) with Rd \link{} targets missing package anchors: create_raster.Rd: raster protect_smooth.Rd: focal sdc_raster.Rd: raster, brick smooth_raster.Rd: focal Please provide package anchors for all Rd \link{} targets not in the package itself and the base packages. Flavor: r-devel-windows-x86_64

Version: 0.5.2
Check: re-building of vignette outputs
Result: ERROR Error(s) in re-building vignettes: ... --- re-building ‘sdcSpatial.Rmd’ using rmarkdown Quitting from lines 190-192 (sdcSpatial.Rmd) Error: processing vignette 'sdcSpatial.Rmd' failed with diagnostics: different crs --- failed re-building ‘sdcSpatial.Rmd’ SUMMARY: processing the following file failed: ‘sdcSpatial.Rmd’ Error: Vignette re-building failed. Execution halted Flavor: r-oldrel-macos-arm64

Version: 0.5.2
Check: re-building of vignette outputs
Result: ERROR Error(s) in re-building vignettes: ... --- re-building ‘sdcSpatial.Rmd’ using rmarkdown Pandoc is required to build R Markdown vignettes but not available. Please make sure it is installed. Quitting from lines 190-192 (sdcSpatial.Rmd) Error: processing vignette 'sdcSpatial.Rmd' failed with diagnostics: different crs --- failed re-building ‘sdcSpatial.Rmd’ SUMMARY: processing the following file failed: ‘sdcSpatial.Rmd’ Error: Vignette re-building failed. Execution halted Flavor: r-oldrel-macos-x86_64