CRAN Package Check Results for Package sdcMicro

Last updated on 2024-06-13 04:52:40 CEST.

Flavor Version Tinstall Tcheck Ttotal Status Flags
r-devel-linux-x86_64-debian-clang 5.7.8 128.17 142.69 270.86 OK
r-devel-linux-x86_64-debian-gcc 5.7.8 0.62 1.95 2.57 ERROR
r-devel-linux-x86_64-fedora-clang 5.7.8 359.42 OK
r-devel-linux-x86_64-fedora-gcc 5.7.8 369.16 OK
r-devel-windows-x86_64 5.7.8 91.00 148.00 239.00 OK
r-patched-linux-x86_64 5.7.8 90.71 141.82 232.53 OK
r-release-linux-x86_64 5.7.8 97.12 139.20 236.32 OK
r-release-macos-arm64 5.7.8 85.00 NOTE
r-release-macos-x86_64 5.7.8 112.00 NOTE
r-release-windows-x86_64 5.7.8 96.00 156.00 252.00 OK
r-oldrel-macos-arm64 5.7.8 95.00 NOTE
r-oldrel-macos-x86_64 5.7.8 293.00 NOTE
r-oldrel-windows-x86_64 5.7.8 119.00 186.00 305.00 OK

Check Details

Version: 5.7.8
Check: package dependencies
Result: ERROR Packages required but not available: 'car', 'ggplot2', 'haven', 'VIM' Package suggested but not available for checking: ‘testthat’ See section ‘The DESCRIPTION file’ in the ‘Writing R Extensions’ manual. Flavor: r-devel-linux-x86_64-debian-gcc

Version: 5.7.8
Check: installed package size
Result: NOTE installed size is 6.8Mb sub-directories of 1Mb or more: libs 3.9Mb Flavors: r-release-macos-arm64, r-release-macos-x86_64, r-oldrel-macos-arm64, r-oldrel-macos-x86_64