CRAN Package Check Results for Package scorecardModelUtils

Last updated on 2025-01-19 04:49:07 CET.

Flavor Version Tinstall Tcheck Ttotal Status Flags
r-devel-linux-x86_64-debian-clang 0.0.1.0 11.29 90.67 101.96 OK
r-devel-linux-x86_64-debian-gcc 0.0.1.0 7.79 65.23 73.02 OK
r-devel-linux-x86_64-fedora-clang 0.0.1.0 166.63 OK
r-devel-linux-x86_64-fedora-gcc 0.0.1.0 158.42 OK
r-devel-windows-x86_64 0.0.1.0 13.00 104.00 117.00 OK
r-patched-linux-x86_64 0.0.1.0 11.68 85.33 97.01 NOTE
r-release-linux-x86_64 0.0.1.0 9.98 84.60 94.58 NOTE
r-release-macos-arm64 0.0.1.0 46.00 NOTE
r-release-macos-x86_64 0.0.1.0 65.00 NOTE
r-release-windows-x86_64 0.0.1.0 14.00 104.00 118.00 NOTE
r-oldrel-macos-arm64 0.0.1.0 48.00 NOTE
r-oldrel-macos-x86_64 0.0.1.0 79.00 NOTE
r-oldrel-windows-x86_64 0.0.1.0 16.00 120.00 136.00 NOTE

Check Details

Version: 0.0.1.0
Check: LazyData
Result: NOTE 'LazyData' is specified without a 'data' directory Flavors: r-patched-linux-x86_64, r-release-linux-x86_64, r-release-macos-arm64, r-release-macos-x86_64, r-release-windows-x86_64, r-oldrel-macos-arm64, r-oldrel-macos-x86_64, r-oldrel-windows-x86_64