CRAN Package Check Results for Package scorecardModelUtils

Last updated on 2024-06-19 04:54:41 CEST.

Flavor Version Tinstall Tcheck Ttotal Status Flags
r-devel-linux-x86_64-debian-clang 0.0.1.0 12.38 117.55 129.93 NOTE
r-devel-linux-x86_64-debian-gcc 0.0.1.0 11.62 84.62 96.24 NOTE
r-devel-linux-x86_64-fedora-clang 0.0.1.0 163.90 NOTE
r-devel-linux-x86_64-fedora-gcc 0.0.1.0 150.82 NOTE
r-devel-windows-x86_64 0.0.1.0 12.00 101.00 113.00 NOTE
r-patched-linux-x86_64 0.0.1.0 11.74 110.28 122.02 NOTE
r-release-linux-x86_64 0.0.1.0 11.98 108.77 120.75 NOTE
r-release-macos-arm64 0.0.1.0 46.00 NOTE
r-release-macos-x86_64 0.0.1.0 65.00 NOTE
r-release-windows-x86_64 0.0.1.0 13.00 102.00 115.00 NOTE
r-oldrel-macos-arm64 0.0.1.0 48.00 NOTE
r-oldrel-macos-x86_64 0.0.1.0 79.00 NOTE
r-oldrel-windows-x86_64 0.0.1.0 18.00 124.00 142.00 NOTE

Check Details

Version: 0.0.1.0
Check: LazyData
Result: NOTE 'LazyData' is specified without a 'data' directory Flavors: r-devel-linux-x86_64-debian-clang, r-devel-linux-x86_64-debian-gcc, r-devel-linux-x86_64-fedora-clang, r-devel-linux-x86_64-fedora-gcc, r-devel-windows-x86_64, r-patched-linux-x86_64, r-release-linux-x86_64, r-release-macos-arm64, r-release-macos-x86_64, r-release-windows-x86_64, r-oldrel-macos-arm64, r-oldrel-macos-x86_64, r-oldrel-windows-x86_64