Last updated on 2025-01-16 04:49:37 CET.
Flavor | Version | Tinstall | Tcheck | Ttotal | Status | Flags |
---|---|---|---|---|---|---|
r-devel-linux-x86_64-debian-clang | 1.0.5 | 43.27 | 60.70 | 103.97 | OK | |
r-devel-linux-x86_64-debian-gcc | 1.0.5 | 31.20 | 43.48 | 74.68 | OK | |
r-devel-windows-x86_64 | 1.0.5 | 49.00 | 100.00 | 149.00 | OK | |
r-patched-linux-x86_64 | 1.0.5 | 42.20 | 57.33 | 99.53 | OK | |
r-release-linux-x86_64 | 1.0.5 | 44.65 | 57.40 | 102.05 | OK | |
r-release-macos-arm64 | 1.0.5 | 46.00 | NOTE | |||
r-release-macos-x86_64 | 1.0.5 | 66.00 | NOTE | |||
r-release-windows-x86_64 | 1.0.5 | 50.00 | 97.00 | 147.00 | OK | |
r-oldrel-macos-arm64 | 1.0.5 | 50.00 | NOTE | |||
r-oldrel-macos-x86_64 | 1.0.5 | 88.00 | NOTE | |||
r-oldrel-windows-x86_64 | 1.0.5 | 62.00 | 120.00 | 182.00 | OK |
Version: 1.0.5
Check: installed package size
Result: NOTE
installed size is 5.6Mb
sub-directories of 1Mb or more:
libs 4.8Mb
Flavors: r-release-macos-arm64, r-release-macos-x86_64, r-oldrel-macos-arm64, r-oldrel-macos-x86_64