CRAN Package Check Results for Package sccore

Last updated on 2024-07-23 04:57:49 CEST.

Flavor Version Tinstall Tcheck Ttotal Status Flags
r-devel-linux-x86_64-debian-clang 1.0.5 55.27 77.79 133.06 OK
r-devel-linux-x86_64-debian-gcc 1.0.5 41.63 57.97 99.60 OK
r-devel-windows-x86_64 1.0.5 53.00 99.00 152.00 OK
r-patched-linux-x86_64 1.0.5 58.67 74.35 133.02 OK
r-release-linux-x86_64 1.0.5 39.45 72.10 111.55 OK
r-release-macos-arm64 1.0.5 46.00 NOTE
r-release-macos-x86_64 1.0.5 66.00 NOTE
r-release-windows-x86_64 1.0.5 61.00 98.00 159.00 OK
r-oldrel-macos-arm64 1.0.5 50.00 NOTE
r-oldrel-macos-x86_64 1.0.5 88.00 NOTE
r-oldrel-windows-x86_64 1.0.5 60.00 123.00 183.00 OK

Check Details

Version: 1.0.5
Check: installed package size
Result: NOTE installed size is 5.6Mb sub-directories of 1Mb or more: libs 4.8Mb Flavors: r-release-macos-arm64, r-release-macos-x86_64, r-oldrel-macos-arm64, r-oldrel-macos-x86_64